{"id":772,"date":"2020-12-03T12:11:56","date_gmt":"2020-12-03T09:11:56","guid":{"rendered":"https:\/\/turkmia.net\/kongre2021\/?page_id=772"},"modified":"2024-06-27T10:19:51","modified_gmt":"2024-06-27T07:19:51","slug":"bildiri_gonderimi","status":"publish","type":"page","link":"https:\/\/turkmia.net\/kongre2024\/bildiri_gonderimi\/","title":{"rendered":"Bildiri G\u00f6nderimi"},"content":{"rendered":"\t\t<div data-elementor-type=\"wp-post\" data-elementor-id=\"772\" class=\"elementor elementor-772\">\n\t\t\t\t\t\t<section class=\"elementor-section elementor-top-section elementor-element elementor-element-201835e elementor-section-boxed elementor-section-height-default elementor-section-height-default\" data-id=\"201835e\" data-element_type=\"section\" data-e-type=\"section\">\n\t\t\t\t\t\t<div class=\"elementor-container elementor-column-gap-default\">\n\t\t\t\t\t<div class=\"elementor-column elementor-col-100 elementor-top-column elementor-element elementor-element-d993cca\" data-id=\"d993cca\" data-element_type=\"column\" data-e-type=\"column\">\n\t\t\t<div class=\"elementor-widget-wrap elementor-element-populated\">\n\t\t\t\t\t\t<div class=\"elementor-element elementor-element-81b4a8f elementor-widget elementor-widget-heading\" data-id=\"81b4a8f\" data-element_type=\"widget\" data-e-type=\"widget\" data-widget_type=\"heading.default\">\n\t\t\t\t<div class=\"elementor-widget-container\">\n\t\t\t\t\t<h3 class=\"elementor-heading-title elementor-size-default\">Bildiri G\u00f6nderimi <\/h3>\t\t\t\t<\/div>\n\t\t\t\t<\/div>\n\t\t\t\t<div class=\"elementor-element elementor-element-3a27e12 elementor-widget-divider--view-line elementor-widget elementor-widget-divider\" data-id=\"3a27e12\" data-element_type=\"widget\" data-e-type=\"widget\" data-widget_type=\"divider.default\">\n\t\t\t\t<div class=\"elementor-widget-container\">\n\t\t\t\t\t\t\t<div class=\"elementor-divider\">\n\t\t\t<span class=\"elementor-divider-separator\">\n\t\t\t\t\t\t<\/span>\n\t\t<\/div>\n\t\t\t\t\t\t<\/div>\n\t\t\t\t<\/div>\n\t\t\t\t\t<\/div>\n\t\t<\/div>\n\t\t\t\t\t<\/div>\n\t\t<\/section>\n\t\t\t\t<section class=\"elementor-section elementor-top-section elementor-element elementor-element-cb47640 elementor-section-boxed elementor-section-height-default elementor-section-height-default\" data-id=\"cb47640\" data-element_type=\"section\" data-e-type=\"section\">\n\t\t\t\t\t\t<div class=\"elementor-container elementor-column-gap-default\">\n\t\t\t\t\t<div class=\"elementor-column elementor-col-100 elementor-top-column elementor-element elementor-element-8e1bbd8\" data-id=\"8e1bbd8\" data-element_type=\"column\" data-e-type=\"column\">\n\t\t\t<div class=\"elementor-widget-wrap elementor-element-populated\">\n\t\t\t\t\t\t<div class=\"elementor-element elementor-element-f1242f6 elementor-widget elementor-widget-text-editor\" data-id=\"f1242f6\" data-element_type=\"widget\" data-e-type=\"widget\" data-widget_type=\"text-editor.default\">\n\t\t\t\t<div class=\"elementor-widget-container\">\n\t\t\t\t\t\t\t\t\t<blockquote><p><span style=\"font-weight: normal;\"><span style=\"font-size: 16px; font-family: 'Noto Sans', sans-serif;\">Bildiri g\u00f6ndermek i\u00e7in\u00a0 l\u00fctfen\u00a0\u00a0<a href=\"https:\/\/cmt3.research.microsoft.com\/TURKMIA2024\">Microsoft CMT Bildiri G\u00f6nderim Sistemine<\/a> <\/span><span style=\"font-size: 16px; font-family: 'Noto Sans', sans-serif;\">kay\u0131t olunuz.\u00a0<\/span><\/span><\/p><\/blockquote><p><span style=\"color: #000000;\">***Se\u00e7ilen bildiriler <strong>&#8220;<span style=\"color: #ff6600;\"><a style=\"color: #ff6600;\" href=\"https:\/\/dergipark.org.tr\/en\/pub\/jhsm\">Journal of Health Sciences and Medicine<\/a><\/span>&#8220;<\/strong> dergisinde yay\u0131nlanacakt\u0131r. Dergi do\u00e7entlik kriterleri i\u00e7in ge\u00e7erli olacak \u015fekilde TR dizinde yer almaktad\u0131r. Bildirilerin dergide yay\u0131nlanabilmesi i\u00e7in \u0130ngilizce olarak yaz\u0131lmas\u0131 gerekmektedir.\u00a0Se\u00e7ilen bildiriler ilgili derginin hakemlik s\u00fcre\u00e7lerinden ge\u00e7tikten sonra kabul almas\u0131 halinde makale olarak yay\u0131nlanacakt\u0131r.<\/span><\/p><p><span style=\"color: #000000;\">***Dileyen yazarlar\u0131m\u0131z alternatif olarak, se\u00e7ilen bildiriler &#8220;<span style=\"color: #ff6600;\"><a style=\"color: #ff6600;\" href=\"https:\/\/dergipark.org.tr\/en\/pub\/johesam\">Journal of Health Sciences and Management<\/a><\/span>&#8221; dergisinin \u00f6zel yay\u0131n\u0131nda yay\u0131nlanacakt\u0131r. Dergi do\u00e7entlik kriterlerinde puan alan ancak TR dizininde yer almak i\u00e7in ba\u015fvurusu yap\u0131lm\u0131\u015ft\u0131r. Bildirilerin dergide yay\u0131nlanabilmesi i\u00e7in \u0130ngilizce olarak yaz\u0131lmas\u0131 gerekmektedir.\u00a0Se\u00e7ilen bildiriler ilgili derginin hakemlik s\u00fcre\u00e7lerinden ge\u00e7tikten sonra kabul almas\u0131 halinde makale olarak yay\u0131nlanacakt\u0131r.<\/span><\/p><p>***<span style=\"color: #ff0000;\">Yay\u0131nlar\u0131n\u0131 yukar\u0131da belirtilen dergilerde de\u011ferlendirmek istemeyen ara\u015ft\u0131rmac\u0131lar\u0131m\u0131z, mail yoluyla bilgi verdikleri takdirde, bildiri kitap\u00e7\u0131\u011f\u0131m\u0131zda yay\u0131nlar\u0131n\u0131 \u00f6zet bildiri olarak yay\u0131mlatabilirler.<\/span><\/p><h4><b>Bildiri G\u00f6nderim Sistemi<\/b><\/h4><p>h<a href=\"https:\/\/cmt3.research.microsoft.com\/User\/Login?ReturnUrl=%2FTURKMIA2024\">ttps:\/\/cmt3.research.microsoft.com\/User\/Login?ReturnUrl=%2FTURKMIA2024<\/a><\/p><h4><span style=\"color: #46707f; font-size: 16px; font-weight: 400;\">Sisteme giri\u015fin ard\u0131ndan, a\u00e7\u0131lan sayfada a\u00e7\u0131lan \u00fcst men\u00fcdeki \u201cCreate New Submission\u201d linkini kullanarak bildiri g\u00f6nderiminizi yap\u0131n\u0131z.<\/span><b><br \/><\/b><\/h4><h4><b>Bildiri \u00c7a\u011fr\u0131s\u0131<\/b><\/h4><p><span style=\"font-size: 12pt; background-color: #ffffff;\">15. T\u0131p Bili\u015fimi Kongresi 30-31 May\u0131s 2024 tarihleri aras\u0131nda Karadeniz Teknik<\/span><span style=\"background-color: #ffffff;\">\u00a0<\/span><a style=\"font-size: 16px; background-color: #ffffff;\" href=\"https:\/\/www.ktu.edu.tr\/\">\u00a0\u00dcniversitesi<\/a><span style=\"font-size: 12pt; background-color: #ffffff;\">nin ev sahipli\u011finde ger\u00e7ekle\u015ftirilecektir.\u00a0<\/span><span style=\"font-size: 1rem; background-color: #ffffff; color: #030000;\">Ana temas\u0131 Sa\u011fl\u0131kta Geni\u015f Dil Modelleri<\/span>\u00a0olarak belirlenen kongremizde, Sa\u011fl\u0131kta Metaverse, Sa\u011fl\u0131kta Yapay Zeka Uygulamalar\u0131, T\u0131bbi G\u00f6r\u00fcnt\u00fcleme, Biyoinformatik, T\u0131p Bili\u015fimi E\u011fitimi gibi g\u00fcncel ve \u00f6nemli ba\u015fl\u0131klarda, konunun uzmanlar\u0131n\u0131n kat\u0131l\u0131mlar\u0131yla panel, konferans ve bilimsel bildirilerin sunumlar\u0131 yer alacakt\u0131r. Kongremizde ayr\u0131ca, kat\u0131l\u0131mc\u0131lar\u0131m\u0131z\u0131n t\u0131p bili\u015fiminin en g\u00fcncel konular\u0131nda da pratik e\u011fitimler alabilecekleri toplant\u0131lar d\u00fczenlenecektir.<\/p><p>T\u0131p Bili\u015fimi Derne\u011fi 15. T\u0131p Bili\u015fimi Kongresi (TurkMIA2024), T\u0131p Bili\u015fimi ile ilgili hem teorik hem de deneysel ara\u015ft\u0131rmalar\u0131n sunularak tart\u0131\u015f\u0131laca\u011f\u0131 sekt\u00f6r\u00fcn \u00fclkemizdeki en eski etkinlikli\u011fidir.\u00a0 T\u0131p bili\u015fimi alan\u0131nda \u00e7al\u0131\u015fan t\u00fcm ara\u015ft\u0131rmac\u0131 ve uygulay\u0131c\u0131lar\u0131, daha \u00f6nce yay\u0131nlanmam\u0131\u015f akademik \u00e7al\u0131\u015fmalar\u0131n\u0131 ve geli\u015ftirdikleri sistem ve uygulamalar\u0131n\u0131 15. T\u0131p Bili\u015fimi Kongresine sunmaya davet ediyoruz.<\/p><p>Kongremizde tart\u0131\u015f\u0131lmas\u0131 planlanan ba\u015fl\u0131ca konular, a\u015fa\u011f\u0131dakilerle s\u0131n\u0131rl\u0131 olmamak \u00fczere, \u015funlard\u0131r:<\/p><ul style=\"margin-bottom: 0px; margin-left: 1.5em;\"><li>Geni\u015f Dil Modelleri<\/li><li>Ki\u015fiselle\u015ftirilmi\u015f T\u0131p<\/li><li>Sa\u011fl\u0131kta Metaverse<\/li><li>Sa\u011fl\u0131kta Yapay Zeka Uygulamalar\u0131<\/li><li>T\u0131bbi G\u00f6r\u00fcnt\u00fcleme<\/li><li>Sa\u011fl\u0131k Bilgi Y\u00f6netim Sistemleri<\/li><li>Karar Destek Sistemleri<\/li><li>Telet\u0131p<\/li><li>Biyoinformatik<\/li><li>Giyilebilir Teknolojiler ve Uygulamalar\u0131<\/li><li>Sa\u011fl\u0131k Uygulamalar\u0131 i\u00e7in Mobil Teknolojiler<\/li><li>T\u0131p Bili\u015fimi ve Hukuk<\/li><li>\u0130nsan-Makine Etkile\u015fimi<\/li><li>Hem\u015firelik Bili\u015fimi<\/li><li>Evde Sa\u011fl\u0131k Uygulamalar\u0131<\/li><li>e-Sa\u011fl\u0131k Uygulamalar\u0131<\/li><li>Sa\u011fl\u0131k Bili\u015fiminde Klinik Uygulamalar<\/li><li>Birlikte \u00c7al\u0131\u015fabilirlik ve Veri Entegrasyonu<\/li><li>Sa\u011fl\u0131k Alan\u0131nda B\u00fcy\u00fck Veri<\/li><li>T\u0131p Bili\u015fimi E\u011fitimi<\/li><li>Elektronik sa\u011fl\u0131k kay\u0131tlar\u0131 ve standartlar\u0131<\/li><li>Gizlilik ve Veri G\u00fcvenli\u011fi<\/li><\/ul><h4><b>Bildiri Format\u0131<\/b><\/h4><p>G\u00f6nderilen t\u00fcm bildiriler, Springer taraf\u0131ndan LNCS serisinde belirlenen formata uygun olarak haz\u0131rlanmal\u0131d\u0131r.\u00a0 Bildiri g\u00f6ndermek isteyenler i\u00e7in baz\u0131 yararl\u0131 ba\u011flant\u0131lar a\u015fa\u011f\u0131da sunulmu\u015ftur:<\/p><ul><li style=\"list-style-type: none;\"><ul><li><a style=\"background-color: #ffffff; font-size: 1rem; color: #ff0000;\" href=\"https:\/\/turkmia.net\/kongre2024\/wp-content\/uploads\/2021\/03\/Springer_Instructions_for_Authors_of_Proceedings_CS.pdf\">Bildiri yazarlar\u0131 i\u00e7in klavuz (pdf \u2013 \u0130ngilizce)<\/a><\/li><li><a style=\"background-color: #ffffff; font-size: 1rem; color: #ff0000;\" href=\"https:\/\/turkmia.net\/kongre2024\/wp-content\/uploads\/2020\/12\/llncs2e.zip\">LaTeX2e Bildiri \u015eablonu (zip)<\/a><\/li><li><a style=\"background-color: #ffffff; font-size: 1rem; color: #ff0000;\" href=\"https:\/\/turkmia.net\/kongre2024\/wp-content\/uploads\/2020\/12\/splnproc1703.zip\">Microsoft Word Bildiri \u015eablonu (zip)<\/a><\/li><\/ul><\/li><\/ul><p>Kongre resmi dilleri \u0130ngilizce ve T\u00fcrk\u00e7e\u2019dir.\u00a0 Bu nedenle bildiriler T\u00fcrk\u00e7e veya \u0130ngilizce olarak yaz\u0131labilir veya sunulabilir.\u00a0 Ancak, T\u00fcrk\u00e7e olarak yaz\u0131lm\u0131\u015f bildirilerde \u0130ngilizce ba\u015fl\u0131k ve \u00f6zet verilmelidir.<\/p><p>Bu alanda \u00e7al\u0131\u015fan t\u00fcm ara\u015ft\u0131rmac\u0131lar\u0131 a\u015fa\u011f\u0131daki t\u00fcrden birisiyle kongremizde bildiri sunmaya davet ediyoruz:<\/p><ul><li style=\"list-style-type: none;\"><ul><li><span style=\"font-size: 1rem;\">Tam Makale (12 sayfaya kadar)<\/span><\/li><li><span style=\"font-size: 1rem;\">Geni\u015fletilmi\u015f \u00f6zet (4 sayfaya kadar)<\/span><\/li><\/ul><\/li><\/ul><h4><b>Bildiri De\u011ferlendirme<\/b><\/h4><p>Kongremize g\u00f6nderilen bildiriler tek-k\u00f6r de\u011ferlendirme (<i>single-blind review<\/i>) esas\u0131na g\u00f6re Kongre Bilimsel Kurul \u00dcyeleri taraf\u0131ndan de\u011ferlendirilecektir.\u00a0 De\u011ferlendirme sonucunda uygun bulunan bildiriler kongre program\u0131na dahil edilecek ve yazarlar\u0131n tercihi do\u011frultusunda\u00a0<i>Tam Metin<\/i> veya <i>Geni\u015fletilmi\u015f \u00d6zet<\/i> olarak\u00a0 Kongre Bildiri Kitab\u0131nda yer alacakt\u0131r.<\/p>\t\t\t\t\t\t\t\t<\/div>\n\t\t\t\t<\/div>\n\t\t\t\t\t<\/div>\n\t\t<\/div>\n\t\t\t\t\t<\/div>\n\t\t<\/section>\n\t\t\t\t<section class=\"elementor-section elementor-top-section elementor-element elementor-element-1ced68f elementor-section-boxed elementor-section-height-default elementor-section-height-default\" data-id=\"1ced68f\" data-element_type=\"section\" data-e-type=\"section\">\n\t\t\t\t\t\t<div class=\"elementor-container elementor-column-gap-default\">\n\t\t\t\t\t<div class=\"elementor-column elementor-col-100 elementor-top-column elementor-element elementor-element-220f063\" data-id=\"220f063\" data-element_type=\"column\" data-e-type=\"column\">\n\t\t\t<div class=\"elementor-widget-wrap elementor-element-populated\">\n\t\t\t\t\t\t<div class=\"elementor-element elementor-element-b80109e elementor-widget elementor-widget-text-editor\" data-id=\"b80109e\" data-element_type=\"widget\" data-e-type=\"widget\" data-widget_type=\"text-editor.default\">\n\t\t\t\t<div class=\"elementor-widget-container\">\n\t\t\t\t\t\t\t\t\t<h4>Kongre ile ilgili her t\u00fcrl\u00fc ileti\u015fim i\u00e7in<\/h4><p><img decoding=\"async\" class=\"emoji\" role=\"img\" draggable=\"false\" src=\"https:\/\/s.w.org\/images\/core\/emoji\/14.0.0\/svg\/1f4e9.svg\" alt=\"\ud83d\udce9\" \/> <a href=\"mailto:kongre2023@turkmia.net\">kongre2024@turkmia.net<\/a><\/p>\t\t\t\t\t\t\t\t<\/div>\n\t\t\t\t<\/div>\n\t\t\t\t\t<\/div>\n\t\t<\/div>\n\t\t\t\t\t<\/div>\n\t\t<\/section>\n\t\t\t\t<section class=\"elementor-section elementor-top-section elementor-element elementor-element-aeb5f25 elementor-section-boxed elementor-section-height-default elementor-section-height-default\" data-id=\"aeb5f25\" data-element_type=\"section\" data-e-type=\"section\" data-settings=\"{&quot;background_background&quot;:&quot;classic&quot;,&quot;shape_divider_bottom&quot;:&quot;mountains&quot;}\">\n\t\t\t\t\t<div class=\"elementor-shape elementor-shape-bottom\" aria-hidden=\"true\" data-negative=\"false\">\n\t\t\t<svg xmlns=\"http:\/\/www.w3.org\/2000\/svg\" viewBox=\"0 0 1000 100\" preserveAspectRatio=\"none\">\n\t<path class=\"elementor-shape-fill\" opacity=\"0.33\" d=\"M473,67.3c-203.9,88.3-263.1-34-320.3,0C66,119.1,0,59.7,0,59.7V0h1000v59.7 c0,0-62.1,26.1-94.9,29.3c-32.8,3.3-62.8-12.3-75.8-22.1C806,49.6,745.3,8.7,694.9,4.7S492.4,59,473,67.3z\"\/>\n\t<path class=\"elementor-shape-fill\" opacity=\"0.66\" d=\"M734,67.3c-45.5,0-77.2-23.2-129.1-39.1c-28.6-8.7-150.3-10.1-254,39.1 s-91.7-34.4-149.2,0C115.7,118.3,0,39.8,0,39.8V0h1000v36.5c0,0-28.2-18.5-92.1-18.5C810.2,18.1,775.7,67.3,734,67.3z\"\/>\n\t<path class=\"elementor-shape-fill\" d=\"M766.1,28.9c-200-57.5-266,65.5-395.1,19.5C242,1.8,242,5.4,184.8,20.6C128,35.8,132.3,44.9,89.9,52.5C28.6,63.7,0,0,0,0 h1000c0,0-9.9,40.9-83.6,48.1S829.6,47,766.1,28.9z\"\/>\n<\/svg>\t\t<\/div>\n\t\t\t\t\t<div class=\"elementor-container elementor-column-gap-default\">\n\t\t\t\t\t<div class=\"elementor-column elementor-col-100 elementor-top-column elementor-element elementor-element-863b42e\" data-id=\"863b42e\" data-element_type=\"column\" data-e-type=\"column\">\n\t\t\t<div class=\"elementor-widget-wrap elementor-element-populated\">\n\t\t\t\t\t\t<div class=\"elementor-element elementor-element-be85f84 elementor-widget elementor-widget-spacer\" data-id=\"be85f84\" data-element_type=\"widget\" data-e-type=\"widget\" data-widget_type=\"spacer.default\">\n\t\t\t\t<div class=\"elementor-widget-container\">\n\t\t\t\t\t\t\t<div class=\"elementor-spacer\">\n\t\t\t<div class=\"elementor-spacer-inner\"><\/div>\n\t\t<\/div>\n\t\t\t\t\t\t<\/div>\n\t\t\t\t<\/div>\n\t\t\t\t\t<\/div>\n\t\t<\/div>\n\t\t\t\t\t<\/div>\n\t\t<\/section>\n\t\t\t\t<section class=\"elementor-section elementor-top-section elementor-element elementor-element-392c21b elementor-section-boxed elementor-section-height-default elementor-section-height-default\" data-id=\"392c21b\" data-element_type=\"section\" data-e-type=\"section\" data-settings=\"{&quot;background_background&quot;:&quot;classic&quot;}\">\n\t\t\t\t\t\t<div class=\"elementor-container elementor-column-gap-default\">\n\t\t\t\t\t<div class=\"elementor-column elementor-col-100 elementor-top-column elementor-element elementor-element-62cfd0c\" data-id=\"62cfd0c\" data-element_type=\"column\" data-e-type=\"column\">\n\t\t\t<div class=\"elementor-widget-wrap elementor-element-populated\">\n\t\t\t\t\t\t<div class=\"elementor-element elementor-element-22fd000 elementor-widget elementor-widget-heading\" data-id=\"22fd000\" data-element_type=\"widget\" data-e-type=\"widget\" data-widget_type=\"heading.default\">\n\t\t\t\t<div class=\"elementor-widget-container\">\n\t\t\t\t\t<h3 class=\"elementor-heading-title elementor-size-default\"><b>\u00d6nemli Tarihler<\/b><\/h3>\t\t\t\t<\/div>\n\t\t\t\t<\/div>\n\t\t\t\t\t<\/div>\n\t\t<\/div>\n\t\t\t\t\t<\/div>\n\t\t<\/section>\n\t\t\t\t<section class=\"elementor-section elementor-top-section elementor-element elementor-element-6ab7f25 elementor-section-boxed elementor-section-height-default elementor-section-height-default\" data-id=\"6ab7f25\" data-element_type=\"section\" data-e-type=\"section\" data-settings=\"{&quot;background_background&quot;:&quot;classic&quot;}\">\n\t\t\t\t\t\t<div class=\"elementor-container elementor-column-gap-default\">\n\t\t\t\t\t<div class=\"elementor-column elementor-col-25 elementor-top-column elementor-element elementor-element-be21938\" data-id=\"be21938\" data-element_type=\"column\" data-e-type=\"column\">\n\t\t\t<div class=\"elementor-widget-wrap elementor-element-populated\">\n\t\t\t\t\t\t<div class=\"elementor-element elementor-element-2574295 elementor-widget__width-initial elementor-view-default elementor-position-block-start elementor-mobile-position-block-start elementor-widget elementor-widget-icon-box\" data-id=\"2574295\" data-element_type=\"widget\" data-e-type=\"widget\" data-widget_type=\"icon-box.default\">\n\t\t\t\t<div class=\"elementor-widget-container\">\n\t\t\t\t\t\t\t<div class=\"elementor-icon-box-wrapper\">\n\n\t\t\t\t\t\t<div class=\"elementor-icon-box-icon\">\n\t\t\t\t<span  class=\"elementor-icon\">\n\t\t\t\t<i aria-hidden=\"true\" class=\"fas fa-bullhorn\"><\/i>\t\t\t\t<\/span>\n\t\t\t<\/div>\n\t\t\t\n\t\t\t\t\t\t<div class=\"elementor-icon-box-content\">\n\n\t\t\t\t\t\t\t\t\t<h3 class=\"elementor-icon-box-title\">\n\t\t\t\t\t\t<span  >\n\t\t\t\t\t\t\tBildiri g\u00f6nderme son tarihi \u200b\t\t\t\t\t\t<\/span>\n\t\t\t\t\t<\/h3>\n\t\t\t\t\n\t\t\t\t\t\t\t\t\t<p class=\"elementor-icon-box-description\">\n\t\t\t\t\t\t<font color=\"red\">17 May\u0131s 2024<br><img decoding=\"async\" role=\"img\" class=\"emoji\" alt=\"\u2705\" src=\"https:\/\/s.w.org\/images\/core\/emoji\/14.0.0\/svg\/2705.svg\"><\/font>\t\t\t\t\t<\/p>\n\t\t\t\t\n\t\t\t<\/div>\n\t\t\t\n\t\t<\/div>\n\t\t\t\t\t\t<\/div>\n\t\t\t\t<\/div>\n\t\t\t\t\t<\/div>\n\t\t<\/div>\n\t\t\t\t<div class=\"elementor-column elementor-col-25 elementor-top-column elementor-element elementor-element-4a567c0\" data-id=\"4a567c0\" data-element_type=\"column\" data-e-type=\"column\">\n\t\t\t<div class=\"elementor-widget-wrap elementor-element-populated\">\n\t\t\t\t\t\t<div class=\"elementor-element elementor-element-e052b27 elementor-widget__width-initial elementor-view-default elementor-position-block-start elementor-mobile-position-block-start elementor-widget elementor-widget-icon-box\" data-id=\"e052b27\" data-element_type=\"widget\" data-e-type=\"widget\" data-widget_type=\"icon-box.default\">\n\t\t\t\t<div class=\"elementor-widget-container\">\n\t\t\t\t\t\t\t<div class=\"elementor-icon-box-wrapper\">\n\n\t\t\t\t\t\t<div class=\"elementor-icon-box-icon\">\n\t\t\t\t<span  class=\"elementor-icon\">\n\t\t\t\t<i aria-hidden=\"true\" class=\"far fa-clock\"><\/i>\t\t\t\t<\/span>\n\t\t\t<\/div>\n\t\t\t\n\t\t\t\t\t\t<div class=\"elementor-icon-box-content\">\n\n\t\t\t\t\t\t\t\t\t<h3 class=\"elementor-icon-box-title\">\n\t\t\t\t\t\t<span  >\n\t\t\t\t\t\t\tDe\u011ferlendirme sonu\u00e7lar\u0131n\u0131n bildirilmesi\t\t\t\t\t\t<\/span>\n\t\t\t\t\t<\/h3>\n\t\t\t\t\n\t\t\t\t\t\t\t\t\t<p class=\"elementor-icon-box-description\">\n\t\t\t\t\t\t<font color=\"red\">23 May\u0131s 2024<strike><\/strike><br><img decoding=\"async\" role=\"img\" class=\"emoji\" alt=\"\u2705\" src=\"https:\/\/s.w.org\/images\/core\/emoji\/14.0.0\/svg\/2705.svg\"><\/font>\t\t\t\t\t<\/p>\n\t\t\t\t\n\t\t\t<\/div>\n\t\t\t\n\t\t<\/div>\n\t\t\t\t\t\t<\/div>\n\t\t\t\t<\/div>\n\t\t\t\t\t<\/div>\n\t\t<\/div>\n\t\t\t\t<div class=\"elementor-column elementor-col-25 elementor-top-column elementor-element elementor-element-84d9565\" data-id=\"84d9565\" data-element_type=\"column\" data-e-type=\"column\">\n\t\t\t<div class=\"elementor-widget-wrap elementor-element-populated\">\n\t\t\t\t\t\t<div class=\"elementor-element elementor-element-4668c74 elementor-widget__width-initial elementor-view-default elementor-position-block-start elementor-mobile-position-block-start elementor-widget elementor-widget-icon-box\" data-id=\"4668c74\" data-element_type=\"widget\" data-e-type=\"widget\" data-widget_type=\"icon-box.default\">\n\t\t\t\t<div class=\"elementor-widget-container\">\n\t\t\t\t\t\t\t<div class=\"elementor-icon-box-wrapper\">\n\n\t\t\t\t\t\t<div class=\"elementor-icon-box-icon\">\n\t\t\t\t<span  class=\"elementor-icon\">\n\t\t\t\t<i aria-hidden=\"true\" class=\"far fa-clock\"><\/i>\t\t\t\t<\/span>\n\t\t\t<\/div>\n\t\t\t\n\t\t\t\t\t\t<div class=\"elementor-icon-box-content\">\n\n\t\t\t\t\t\t\t\t\t<h3 class=\"elementor-icon-box-title\">\n\t\t\t\t\t\t<span  >\n\t\t\t\t\t\t\tBas\u0131ma haz\u0131r bildirilerin g\u00f6nderilmesi\t\t\t\t\t\t<\/span>\n\t\t\t\t\t<\/h3>\n\t\t\t\t\n\t\t\t\t\t\t\t\t\t<p class=\"elementor-icon-box-description\">\n\t\t\t\t\t\t<font color=\"red\"> 26 May\u0131s 2024<strike><\/strike><br><img decoding=\"async\" role=\"img\" class=\"emoji\" alt=\"\u2705\" src=\"https:\/\/s.w.org\/images\/core\/emoji\/14.0.0\/svg\/2705.svg\"><\/font>\t\t\t\t\t<\/p>\n\t\t\t\t\n\t\t\t<\/div>\n\t\t\t\n\t\t<\/div>\n\t\t\t\t\t\t<\/div>\n\t\t\t\t<\/div>\n\t\t\t\t\t<\/div>\n\t\t<\/div>\n\t\t\t\t<div class=\"elementor-column elementor-col-25 elementor-top-column elementor-element elementor-element-450a199\" data-id=\"450a199\" data-element_type=\"column\" data-e-type=\"column\">\n\t\t\t<div class=\"elementor-widget-wrap elementor-element-populated\">\n\t\t\t\t\t\t<div class=\"elementor-element elementor-element-28091b2 elementor-widget__width-initial elementor-view-default elementor-position-block-start elementor-mobile-position-block-start elementor-widget elementor-widget-icon-box\" data-id=\"28091b2\" data-element_type=\"widget\" data-e-type=\"widget\" data-widget_type=\"icon-box.default\">\n\t\t\t\t<div class=\"elementor-widget-container\">\n\t\t\t\t\t\t\t<div class=\"elementor-icon-box-wrapper\">\n\n\t\t\t\t\t\t<div class=\"elementor-icon-box-icon\">\n\t\t\t\t<span  class=\"elementor-icon\">\n\t\t\t\t<i aria-hidden=\"true\" class=\"far fa-clock\"><\/i>\t\t\t\t<\/span>\n\t\t\t<\/div>\n\t\t\t\n\t\t\t\t\t\t<div class=\"elementor-icon-box-content\">\n\n\t\t\t\t\t\t\t\t\t<h3 class=\"elementor-icon-box-title\">\n\t\t\t\t\t\t<span  >\n\t\t\t\t\t\t\tKongre g\u00fcnleri\n\t\t\t\t\t\t<\/span>\n\t\t\t\t\t<\/h3>\n\t\t\t\t\n\t\t\t\t\t\t\t\t\t<p class=\"elementor-icon-box-description\">\n\t\t\t\t\t\t<font color='red'>30-31 May\u0131s 2024<br><img decoding=\"async\" role=\"img\" class=\"emoji\" alt=\"\u23f3\" src=\"https:\/\/s.w.org\/images\/core\/emoji\/14.0.0\/svg\/23f3.svg\">\t\t\t\t\t<\/p>\n\t\t\t\t\n\t\t\t<\/div>\n\t\t\t\n\t\t<\/div>\n\t\t\t\t\t\t<\/div>\n\t\t\t\t<\/div>\n\t\t\t\t\t<\/div>\n\t\t<\/div>\n\t\t\t\t\t<\/div>\n\t\t<\/section>\n\t\t\t\t<section class=\"elementor-section elementor-top-section elementor-element elementor-element-796c65a elementor-section-boxed elementor-section-height-default elementor-section-height-default\" data-id=\"796c65a\" data-element_type=\"section\" data-e-type=\"section\" data-settings=\"{&quot;shape_divider_top&quot;:&quot;mountains&quot;}\">\n\t\t\t\t\t<div class=\"elementor-shape elementor-shape-top\" aria-hidden=\"true\" data-negative=\"false\">\n\t\t\t<svg xmlns=\"http:\/\/www.w3.org\/2000\/svg\" viewBox=\"0 0 1000 100\" preserveAspectRatio=\"none\">\n\t<path class=\"elementor-shape-fill\" opacity=\"0.33\" d=\"M473,67.3c-203.9,88.3-263.1-34-320.3,0C66,119.1,0,59.7,0,59.7V0h1000v59.7 c0,0-62.1,26.1-94.9,29.3c-32.8,3.3-62.8-12.3-75.8-22.1C806,49.6,745.3,8.7,694.9,4.7S492.4,59,473,67.3z\"\/>\n\t<path class=\"elementor-shape-fill\" opacity=\"0.66\" d=\"M734,67.3c-45.5,0-77.2-23.2-129.1-39.1c-28.6-8.7-150.3-10.1-254,39.1 s-91.7-34.4-149.2,0C115.7,118.3,0,39.8,0,39.8V0h1000v36.5c0,0-28.2-18.5-92.1-18.5C810.2,18.1,775.7,67.3,734,67.3z\"\/>\n\t<path class=\"elementor-shape-fill\" d=\"M766.1,28.9c-200-57.5-266,65.5-395.1,19.5C242,1.8,242,5.4,184.8,20.6C128,35.8,132.3,44.9,89.9,52.5C28.6,63.7,0,0,0,0 h1000c0,0-9.9,40.9-83.6,48.1S829.6,47,766.1,28.9z\"\/>\n<\/svg>\t\t<\/div>\n\t\t\t\t\t<div class=\"elementor-container elementor-column-gap-default\">\n\t\t\t\t\t<div class=\"elementor-column elementor-col-100 elementor-top-column elementor-element elementor-element-552b267\" data-id=\"552b267\" data-element_type=\"column\" data-e-type=\"column\">\n\t\t\t<div class=\"elementor-widget-wrap elementor-element-populated\">\n\t\t\t\t\t\t<div class=\"elementor-element elementor-element-60faf49 elementor-widget elementor-widget-spacer\" data-id=\"60faf49\" data-element_type=\"widget\" data-e-type=\"widget\" data-widget_type=\"spacer.default\">\n\t\t\t\t<div class=\"elementor-widget-container\">\n\t\t\t\t\t\t\t<div class=\"elementor-spacer\">\n\t\t\t<div class=\"elementor-spacer-inner\"><\/div>\n\t\t<\/div>\n\t\t\t\t\t\t<\/div>\n\t\t\t\t<\/div>\n\t\t\t\t\t<\/div>\n\t\t<\/div>\n\t\t\t\t\t<\/div>\n\t\t<\/section>\n\t\t\t\t<\/div>\n\t\t","protected":false},"excerpt":{"rendered":"<p>Bildiri G\u00f6nderimi Bildiri g\u00f6ndermek i\u00e7in\u00a0 l\u00fctfen\u00a0\u00a0Microsoft CMT Bildiri G\u00f6nderim Sistemine kay\u0131t olunuz.\u00a0 ***Se\u00e7ilen bildiriler &#8220;Journal of Health Sciences and Medicine&#8220; dergisinde yay\u0131nlanacakt\u0131r. Dergi do\u00e7entlik kriterleri i\u00e7in ge\u00e7erli olacak \u015fekilde TR dizinde yer almaktad\u0131r. Bildirilerin dergide yay\u0131nlanabilmesi i\u00e7in \u0130ngilizce olarak yaz\u0131lmas\u0131 gerekmektedir.\u00a0Se\u00e7ilen bildiriler ilgili derginin hakemlik s\u00fcre\u00e7lerinden ge\u00e7tikten sonra kabul almas\u0131 halinde makale olarak yay\u0131nlanacakt\u0131r. ***Dileyen [&hellip;]<\/p>\n","protected":false},"author":1,"featured_media":0,"parent":0,"menu_order":0,"comment_status":"closed","ping_status":"closed","template":"elementor_header_footer","meta":{"footnotes":""},"class_list":["post-772","page","type-page","status-publish","hentry"],"_links":{"self":[{"href":"https:\/\/turkmia.net\/kongre2024\/wp-json\/wp\/v2\/pages\/772","targetHints":{"allow":["GET"]}}],"collection":[{"href":"https:\/\/turkmia.net\/kongre2024\/wp-json\/wp\/v2\/pages"}],"about":[{"href":"https:\/\/turkmia.net\/kongre2024\/wp-json\/wp\/v2\/types\/page"}],"author":[{"embeddable":true,"href":"https:\/\/turkmia.net\/kongre2024\/wp-json\/wp\/v2\/users\/1"}],"replies":[{"embeddable":true,"href":"https:\/\/turkmia.net\/kongre2024\/wp-json\/wp\/v2\/comments?post=772"}],"version-history":[{"count":422,"href":"https:\/\/turkmia.net\/kongre2024\/wp-json\/wp\/v2\/pages\/772\/revisions"}],"predecessor-version":[{"id":4345,"href":"https:\/\/turkmia.net\/kongre2024\/wp-json\/wp\/v2\/pages\/772\/revisions\/4345"}],"wp:attachment":[{"href":"https:\/\/turkmia.net\/kongre2024\/wp-json\/wp\/v2\/media?parent=772"}],"curies":[{"name":"wp","href":"https:\/\/api.w.org\/{rel}","templated":true}]}}