{"id":4309,"date":"2024-06-10T23:13:52","date_gmt":"2024-06-10T20:13:52","guid":{"rendered":"https:\/\/turkmia.net\/kongre2024\/?page_id=4309"},"modified":"2024-09-05T16:52:41","modified_gmt":"2024-09-05T13:52:41","slug":"duyuru","status":"publish","type":"page","link":"https:\/\/turkmia.net\/kongre2024\/duyuru\/","title":{"rendered":"Duyuru"},"content":{"rendered":"\t\t<div data-elementor-type=\"wp-page\" data-elementor-id=\"4309\" class=\"elementor elementor-4309\">\n\t\t\t\t\t\t<section class=\"elementor-section elementor-top-section elementor-element elementor-element-1b67c1de elementor-section-boxed elementor-section-height-default elementor-section-height-default\" data-id=\"1b67c1de\" data-element_type=\"section\" data-e-type=\"section\">\n\t\t\t\t\t\t<div class=\"elementor-container elementor-column-gap-default\">\n\t\t\t\t\t<div class=\"elementor-column elementor-col-100 elementor-top-column elementor-element elementor-element-6d333569\" data-id=\"6d333569\" data-element_type=\"column\" data-e-type=\"column\">\n\t\t\t<div class=\"elementor-widget-wrap elementor-element-populated\">\n\t\t\t\t\t\t<div class=\"elementor-element elementor-element-f908b32 elementor-widget elementor-widget-text-editor\" data-id=\"f908b32\" data-element_type=\"widget\" data-e-type=\"widget\" data-widget_type=\"text-editor.default\">\n\t\t\t\t<div class=\"elementor-widget-container\">\n\t\t\t\t\t\t\t\t\t<p>15.T\u0131p Bili\u015fimi Kongresi&#8217;nin bildiri kitab\u0131n\u0131n yay\u0131mland\u0131\u011f\u0131n\u0131 sizlere b\u00fcy\u00fck bir memnuniyetle duyuruyoruz.<\/p><p><a style=\"font-size: 16px;\" href=\"https:\/\/turkmia.net\/\">T\u0131p Bili\u015fimi Derne\u011fi<\/a>\u00a0taraf\u0131ndan ger\u00e7ekle\u015ftirilmi\u015f olan Kongremize ait <a href=\"https:\/\/turkmia.net\/wp-content\/uploads\/2024\/09\/TurkMIA2024-Proceedings.pdf\">15.T\u0131p Bili\u015fimi Bildiriler Kitab\u0131<\/a> adresinden eri\u015febilirsiniz ve t\u00fcm bildirilere ula\u015fabilirsiniz.<\/p><p>Katk\u0131lar\u0131n\u0131z ve destekleriniz i\u00e7in te\u015fekk\u00fcr ederiz.<\/p><p><span style=\"text-decoration: underline;\"><em><strong>15. T\u0131p Bili\u015fimi Kongremizde sunulan en iyi bildiri listesi\u00a0<\/strong><\/em><\/span><\/p><p>1-\u00a0\u00a082,5 puan ile &#8220;<strong>LSTM Tabanl\u0131 Derin \u00d6\u011frenme Yakla\u015f\u0131m\u0131 ile Bayesian Hiper-Parametre Optimizasyonu Kullan\u0131larak Hasta \u015eikayetlerinden Hastal\u0131k Tahmini(Asl\u0131 Boz*, Duygu Korkmaz Yal\u00e7\u0131n, Yasin G\u00f6rmez, Ne\u015fe Zayim)<\/strong>&#8221;\u00a0 \u00a0 \u00a0 \u00a0 \u00a0<\/p><p>2- 81,5 puan ile &#8220;<b>DrugAutoML: \u0130la\u00e7 Ke\u015ffi i\u00e7in A\u00e7\u0131k Kaynakl\u0131, U\u00e7tan Uca Otomatikle\u015ftirilmi\u015f Bir Makine \u00d6\u011frenimi ve \u0130statistiksel De\u011ferlendirme Arac\u0131 (Ay\u00e7a BEYHAN*, Asl\u0131 SUNER)&#8221;\u00a0<\/b><\/p><p>3- 80 puan ile &#8220;<strong>In Silico Screening of Momordica Charantia Compounds for the Treatment of Type 2 Diabetes Mellitus: Molecular Docking(Ay\u015fe Banu PAK*, I\u015f\u0131k \u00c7AKMAK, Mustafa Emre ERC\u0130N)&#8221;<\/strong><\/p><p>3- 80 puan ile &#8220;<strong>Interpreting Chest X-ray with ChatGPT: Can It Serve as a Tool for Justifying Computed Tomography?(Nur H\u00fcrsoy*, Hafsa Kolluk, Merve Solak, Kubilay Ka\u011fan Budak, Esat Kaba)<\/strong>&#8220;<\/p><div>\u00a0<\/div>\t\t\t\t\t\t\t\t<\/div>\n\t\t\t\t<\/div>\n\t\t\t\t\t<\/div>\n\t\t<\/div>\n\t\t\t\t\t<\/div>\n\t\t<\/section>\n\t\t\t\t<section class=\"elementor-section elementor-top-section elementor-element elementor-element-59597f2 elementor-section-boxed elementor-section-height-default elementor-section-height-default\" data-id=\"59597f2\" data-element_type=\"section\" data-e-type=\"section\">\n\t\t\t\t\t\t<div class=\"elementor-container elementor-column-gap-default\">\n\t\t\t\t\t<div class=\"elementor-column elementor-col-100 elementor-top-column elementor-element elementor-element-9247e3b\" data-id=\"9247e3b\" data-element_type=\"column\" data-e-type=\"column\">\n\t\t\t<div class=\"elementor-widget-wrap elementor-element-populated\">\n\t\t\t\t\t\t<div class=\"elementor-element elementor-element-35c2d23 elementor-widget elementor-widget-text-editor\" data-id=\"35c2d23\" data-element_type=\"widget\" data-e-type=\"widget\" data-widget_type=\"text-editor.default\">\n\t\t\t\t<div class=\"elementor-widget-container\">\n\t\t\t\t\t\t\t\t\t<p><span style=\"text-decoration: underline;\"><em>Dergiye g\u00f6nderilecek Tam metin bildiri listesi<\/em><\/span><\/p><p>A\u015fa\u011f\u0131daki bildiriler, T\u00fcrk\u00e7e tam metin makalelerin \u0130ngilizce diline \u00e7evrilerek dergi yaz\u0131m kurallar\u0131na g\u00f6re d\u00fczenlenerek <a href=\"https:\/\/dergipark.org.tr\/en\/pub\/jhsm\">derginin<\/a> hakemlik s\u00fcre\u00e7lerinde de\u011ferlendirmek \u00fczere g\u00f6nderilebilir.\u00a0<\/p><p>&#8220;Evaluating the Use of Artificial Intelligence as a Supportive Tool in Health Research: The Case of ChatGPT<br \/>Yasemin Demir Avc\u0131 ; Esra Tokur Sonuvar ; Dilek Yapar *&#8221;<br \/>&#8220;A Comparative Study of Parkinson&#8217;s Disease Detection using different Deep Learning Architectures<br \/>Beyza G\u00dcL*&#8221;<br \/>&#8220;Prediction of retinopathy through machine learning in diabetes mellitus<br \/>Tar\u0131k Ke\u00e7eli *; Nevruz \u0130lhanl\u0131 ; Kemal Hakan G\u00fclkesen &#8220;<br \/>&#8220;Investigation of Copy Number Variations in Epilepsy Using Whole Exome Data<br \/>Ezgi \u00d6ZYURT *; Alper Han \u00c7ebi; Ayberk T\u00fcrky\u0131lmaz; Kemal Turhan; P\u0131nar \u00d6zkan Kart&#8221;<br \/>&#8220;Parkinson\u2019s Disease Related Alterations in Common Spatial Patterns of EEG Signals<br \/>Fatih ONAY *; Bilge Kara\u00e7al\u0131 &#8220;<br \/>&#8220;Interpreting Chest X-ray with ChatGPT: Can It Serve as a Tool for Justifying Computed Tomography?<br \/>Nur H\u00fcrsoy *; Hafsa Kolluk; Merve Solak ; Kubilay Ka\u011fan Budak ; Esat Kaba&#8221;<br \/>&#8220;T\u0131p Alan\u0131nda Yapay Zek\u00e2 Kullan\u0131larak Yap\u0131lan Klinik \u00c7al\u0131\u015fmalar\u0131n Bibliyometrik Analizi<br \/>H\u00fclya K\u0131lbahri *; P\u0131nar Deniz Tosun&#8221;<br \/>&#8220;Predictors of Neuropathy in Diabetes Mellitus<br \/>Nevruz \u0130lhanl\u0131 *; Kemal Hakan G\u00fclkesen &#8220;<br \/>&#8220;In Silico Screening of Momordica Charantia Compounds for the Treatment of Type 2 Diabetes Mellitus: Molecular Docking<br \/>Ay\u015fe Banu PAK *;I\u015f\u0131k \u00c7AKMAK; Mustafa Emre ERCIN&#8221;<br \/>&#8220;Fine-Tuning GPT-2 for Contextually Relevant Text Generation to Discover New Immune Checkpoint Research<br \/>MEHMET ER\u015eAN KALAYCI *; Muammer Albayrak (Karadeniz Technical University); Kemal Turhan (Kradeniz Teknik \u00dcniversitesi)&#8221;<br \/>&#8220;Integration of Non-Negative Matrix Factorization to Identification of Immune System Checkpoints<br \/>Beyzanur Siyah *;Mehmet Er\u015fan KALAYCI ; Sinem \u00d6ZDEM\u0130R; Tolga BERBER; Kemal TURHAN&#8221;<br \/>&#8220;TheraPose: A Large Video Dataset for Physiotherapy Exercises<br \/>Hamdi Yal\u0131n Yal\u0131\u00e7 ; Ahmet Emre Usta *; Umit Atila ; Alaettin U\u00e7an ; Adem Ali Y\u0131lmaz ; Ali Ya\u015far Yi\u011fit &#8220;<br \/>&#8220;Gamification in Health: A Bibliometric Perspective <br \/>Esra Tokur Sonuvar *; Kemal Hakan G\u00fclkesen &#8220;<br \/>&#8220;DMFT ASSESSMENT USING DEEP LEARNING-BASED CONVOLUTIONAL NEURAL NETWORK ALGORITHM WITH PANORAMIC IMAGES<br \/>onur mutlu * ; Elif ASLAN ; Canberk ULUSOY; Ali MERT&#8221;<br \/>&#8220;Identifying Malignancy Risk Factors in Thyroid Nodules: A Machine Learning Approach in Trabzon, T\u00fcrkiye<br \/>ZEL\u0130HA AYDIN KASAP *; Bur\u00e7in Kurt; Ali G\u00fcner; Elif \u00d6zsa\u011f\u0131r; Mustafa Emre Ercin&#8221;<br \/>&#8220;Klinik Metinlerden \u0130li\u015fki \u00c7\u0131karma i\u00e7in Ba\u011flam \u0130\u00e7i \u00d6\u011frenme<br \/>Aidana Aidynkyzy *;\u015eebnem Bora ; O\u011fuz Dikenelli&#8221;<br \/>&#8220;Bilgi G\u00fcvenli\u011fi Y\u00f6netim Sistemi Kurulumu: Sa\u011fl\u0131k Bakanl\u0131\u011f\u0131 Deneyimi<br \/>Bet\u00fcl Y\u0131lmaz *; Filiz \u0130\u015fleyen ; M. Mahir \u00dclg\u00fc ; Dilek \u015eEN KARAKAYA &#8220;<br \/>&#8220;Interface Introduction of a Symptom Detection and Monitoring Tool Prototype for Hepatic Encephalopathy in Cirrhosis Patients<br \/>Dilek Yapar *; S\u0131d\u0131ka Zeynep G\u00d6K SARGIN ; Ahmet YARDIMCI &#8220;<br \/>&#8220;Cancer Prediction via Binary Tuna Swarm Optimization<br \/>Muharrem Korkmaz *; Eda \u00d6zkul; \u00d6zge Tezel &#8220;<br \/>&#8220;Improvement of Encoder Layers in Segmentation Network Models for Automatic Polyp Detection<br \/>Nurhan DE\u011e\u0130RMENC\u0130 B\u0130NG\u00d6L*; \u00d6ZKAN B\u0130NG\u00d6L ; Kemal Turhan&#8221;<br \/>&#8220;Using Meta-Heuristic Techniques to Estimate Logistic Regression Parameters and Applying to Health Data<br \/>Buket Nur ALTUN *; Orhan KESEMEN&#8221;<br \/>&#8220;Diagnosing Retinal Disorders with Artificial Intelligence: The Role of Large Language Models in Interpreting Pattern Electroretinography Data<br \/>Aslan Aykut *; B\u00fc\u015fra Akg\u00fcn ; Almila Sar\u0131g\u00fcl ; Mehmet Orkun Sevik ; \u00d6zlem \u015eahin &#8220;<br \/>&#8220;Investigation of the Inhibition Mechanism of Acetylcholinesterase Enzyme for Alzheimer&#8217;s Treatment by Molecular Docking Method<br \/>Merve Baldan *; Gizem Tatar Y\u0131lmaz &#8220;<br \/>&#8220;Detection of psychological disorders from structural MRI with deep learning methods<br \/>Osman Tayfun Bi\u015fkin *; Cemre Candemir ; M. Alper Selver ; Pembe keskino\u011flu &#8220;<br \/>&#8220;Ses Dalgalar\u0131ndan \u00d6fke Belirleme \u0130\u00e7in Evri\u015fimli Sinir A\u011f\u0131 Modeli<br \/>mehmet yi\u011fit *; MEHMET ER\u015eAN KALAYCI ; Kemal Turhan &#8220;<br \/>&#8220;Pulmonary Nodule Decision Support Model Using Convolutional Neural Network-Based Transfer Learning Approach<br \/>H\u0130LAL T\u0130RYAK\u0130 *; Bur\u00e7in Kurt ; Polat Ko\u015fucu ; Sel\u00e7uk Akkaya &#8220;<br \/>&#8220;Radyoloji Uzmanl\u0131k E\u011fitiminde Yapay Zekan\u0131n Yeri: Ulusal Anket \u00c7al\u0131\u015fmas\u0131<br \/>Emre Emekli *; \u00d6zlem Co\u015fkun ; I\u015f\u0131l \u0130rem Budako\u011flu &#8220;<\/p><p>&#8220;AI based Static Hand Gesture Recognition in Smart Home Applications for Users with Physical Disabilities<br \/>Ufuk Be\u015fenk *; M. Alper Selver ; Tu\u011f\u00e7e Toprak ; \u00d6m\u00fcr \u00d6cal ; Ahmet \u00d6zkurt ; Pembe Keskino\u011flu &#8220;<br \/>&#8220;LSTM Tabanl\u0131 Derin \u00d6\u011frenme Yakla\u015f\u0131m\u0131 ile Bayesian Hiper-Parametre Optimizasyonu Kullan\u0131larak Hasta \u015eikayetlerinden Hastal\u0131k Tahmini<br \/>ASLI BOZ *;Duygu Korkmaz Yal\u00e7\u0131n;Yasin G\u00f6rmez ;Ne\u015fe Zayim&#8221;<br \/>&#8220;T\u00fcrkiye\u2019de T\u0131p Bili\u015fimi Alan\u0131nda \u00dcretilen Tezlerin Analizi<br \/>Hazal Ta\u015f ; Ne\u015fe Zayim*&#8221;<br \/>&#8220;The Inclusion of Medical Informatics Topics in the Curricula of Medical Faculties in Turkey: a Document Analysis Study<br \/>Ay\u015fenur Duman Dilbaz *; Yasemin G\u00fcner ; Melek \u015eahin ; Bar\u0131\u015f Sezer&#8221;<br \/>&#8220;An Ethical Examination of ChatGPT Use in the Field of Medicine<br \/>Belk\u0131s Birden *&#8221;<br \/>&#8220;Analysis of Findings in Radiology Reports Using Non-Negative Matrix Factorization<br \/>Emir Karaya\u011f\u0131z *; Tolga BERBER &#8220;<br \/>&#8220;In Silico Screening Of The Interaction Of Factor Xa And Melilotus Officinalis Phytochemicals<br \/>\u0131\u015f\u0131k \u00e7akmak *; Ay\u015fe Banu PAK; Mustafa Emre ERCIN&#8221;<br \/>&#8220;Role of EEG &#8211; F1 Channel Activity for Parkinson&#8217;s Disease Detection<br \/>Neslihan Baki *; Nurhan Gursel Ozmen (Karadeniz Technical University)&#8221;<br \/>&#8220;A Bibliometric Analysis of the Use of Machine Learning Methods in Variant Effect Prediction<br \/>G\u00fclbahar Merve \u015eILBIR*; Bur\u00e7in Kurt &#8220;<br \/>&#8220;Statistical Analysis Of Physiological Stress Signals and Exam Performance<br \/>Ay\u015feg\u00fcl KURT KASAP *; Bur\u00e7in Kurt &#8220;<br \/>&#8220;OFTALMOLOJ\u0130DE YAPAY G\u00d6RME (RET\u0130NA IMPLANTI) \u00dcZER\u0130NE YAPILAN \u00c7ALI\u015eMALAR<br \/>Evren Sezgin *; AHMET YARDIMCI &#8220;<br \/>&#8220;Derin \u00d6\u011frenme \u00d6znitelik \u00c7\u0131kar\u0131m Algoritmalar\u0131n\u0131n Makine \u00d6\u011frenmesi Modelleri ile Kullan\u0131lmas\u0131: Diyabetik Retinopati \u00d6rne\u011fi<br \/>Fatih Serdar Aydemir *; U\u011fur \u015eevik &#8220;<br \/>&#8220;Utilizing Pretrained GPT-2 Model for Analyzing Drug Reviews<br \/>Sinem \u00d6zdemir *; Kemal Turhan&#8221;<br \/>&#8220;Automatic Article Reader and Article Section Classifier Application with Web Scraping<br \/>Nihat Burak Zihni *&#8221;<br \/>&#8220;I\u015f\u0131kl\u0131 Mikroskobik Sistemlerde Derin \u00d6\u011frenme Yakla\u015f\u0131mlar\u0131 ile Kan H\u00fccrelerinin Optimum Odakl\u0131 G\u00f6r\u00fcnt\u00fclenmesi<br \/>Fatma Tuana DOGU*; Zeinab DANAE\u0130 ; H\u00fclya Do\u011fan ; Ramazan \u00d6zg\u00fcr Do\u011fan ; Sena F. Sezen&#8221;<\/p>\t\t\t\t\t\t\t\t<\/div>\n\t\t\t\t<\/div>\n\t\t\t\t\t<\/div>\n\t\t<\/div>\n\t\t\t\t\t<\/div>\n\t\t<\/section>\n\t\t\t\t<section class=\"elementor-section elementor-top-section elementor-element elementor-element-093c4d9 elementor-section-boxed elementor-section-height-default elementor-section-height-default\" data-id=\"093c4d9\" data-element_type=\"section\" data-e-type=\"section\">\n\t\t\t\t\t\t<div class=\"elementor-container elementor-column-gap-default\">\n\t\t\t\t\t<div class=\"elementor-column elementor-col-100 elementor-top-column elementor-element elementor-element-9dd81d1\" data-id=\"9dd81d1\" data-element_type=\"column\" data-e-type=\"column\">\n\t\t\t<div class=\"elementor-widget-wrap elementor-element-populated\">\n\t\t\t\t\t\t<div class=\"elementor-element elementor-element-be6b561 elementor-widget elementor-widget-heading\" data-id=\"be6b561\" data-element_type=\"widget\" data-e-type=\"widget\" data-widget_type=\"heading.default\">\n\t\t\t\t<div class=\"elementor-widget-container\">\n\t\t\t\t\t<h2 class=\"elementor-heading-title elementor-size-default\">15. T\u0131p Bili\u015fimi Kongresi'ne g\u00f6nderilen bildiriler aras\u0131ndan se\u00e7ilen t\u00fcm \u00e7al\u0131\u015fmalar\u0131 tebrik ediyoruz.<\/h2>\t\t\t\t<\/div>\n\t\t\t\t<\/div>\n\t\t\t\t\t<\/div>\n\t\t<\/div>\n\t\t\t\t\t<\/div>\n\t\t<\/section>\n\t\t\t\t<\/div>\n\t\t","protected":false},"excerpt":{"rendered":"<p>15.T\u0131p Bili\u015fimi Kongresi&#8217;nin bildiri kitab\u0131n\u0131n yay\u0131mland\u0131\u011f\u0131n\u0131 sizlere b\u00fcy\u00fck bir memnuniyetle duyuruyoruz. T\u0131p Bili\u015fimi Derne\u011fi\u00a0taraf\u0131ndan ger\u00e7ekle\u015ftirilmi\u015f olan Kongremize ait 15.T\u0131p Bili\u015fimi Bildiriler Kitab\u0131 adresinden eri\u015febilirsiniz ve t\u00fcm bildirilere ula\u015fabilirsiniz. Katk\u0131lar\u0131n\u0131z ve destekleriniz i\u00e7in te\u015fekk\u00fcr ederiz. 15. T\u0131p Bili\u015fimi Kongremizde sunulan en iyi bildiri listesi\u00a0 1-\u00a0\u00a082,5 puan ile &#8220;LSTM Tabanl\u0131 Derin \u00d6\u011frenme Yakla\u015f\u0131m\u0131 ile Bayesian Hiper-Parametre Optimizasyonu [&hellip;]<\/p>\n","protected":false},"author":1,"featured_media":0,"parent":0,"menu_order":0,"comment_status":"closed","ping_status":"closed","template":"","meta":{"footnotes":""},"class_list":["post-4309","page","type-page","status-publish","hentry"],"_links":{"self":[{"href":"https:\/\/turkmia.net\/kongre2024\/wp-json\/wp\/v2\/pages\/4309","targetHints":{"allow":["GET"]}}],"collection":[{"href":"https:\/\/turkmia.net\/kongre2024\/wp-json\/wp\/v2\/pages"}],"about":[{"href":"https:\/\/turkmia.net\/kongre2024\/wp-json\/wp\/v2\/types\/page"}],"author":[{"embeddable":true,"href":"https:\/\/turkmia.net\/kongre2024\/wp-json\/wp\/v2\/users\/1"}],"replies":[{"embeddable":true,"href":"https:\/\/turkmia.net\/kongre2024\/wp-json\/wp\/v2\/comments?post=4309"}],"version-history":[{"count":23,"href":"https:\/\/turkmia.net\/kongre2024\/wp-json\/wp\/v2\/pages\/4309\/revisions"}],"predecessor-version":[{"id":4366,"href":"https:\/\/turkmia.net\/kongre2024\/wp-json\/wp\/v2\/pages\/4309\/revisions\/4366"}],"wp:attachment":[{"href":"https:\/\/turkmia.net\/kongre2024\/wp-json\/wp\/v2\/media?parent=4309"}],"curies":[{"name":"wp","href":"https:\/\/api.w.org\/{rel}","templated":true}]}}