{"id":3905,"date":"2024-05-01T13:28:43","date_gmt":"2024-05-01T10:28:43","guid":{"rendered":"https:\/\/turkmia.net\/kongre2024\/?page_id=3905"},"modified":"2024-05-07T20:47:03","modified_gmt":"2024-05-07T17:47:03","slug":"sosyal-aktivite","status":"publish","type":"page","link":"https:\/\/turkmia.net\/kongre2024\/sosyal-aktivite\/","title":{"rendered":"Sosyal Aktivite Program\u0131"},"content":{"rendered":"\t\t<div data-elementor-type=\"wp-page\" data-elementor-id=\"3905\" class=\"elementor elementor-3905\">\n\t\t\t\t\t\t<section class=\"elementor-section elementor-top-section elementor-element elementor-element-ddc33da elementor-section-boxed elementor-section-height-default elementor-section-height-default\" data-id=\"ddc33da\" data-element_type=\"section\" data-e-type=\"section\">\n\t\t\t\t\t\t<div class=\"elementor-container elementor-column-gap-default\">\n\t\t\t\t\t<div class=\"elementor-column elementor-col-100 elementor-top-column elementor-element elementor-element-b44bd4c\" data-id=\"b44bd4c\" data-element_type=\"column\" data-e-type=\"column\">\n\t\t\t<div class=\"elementor-widget-wrap elementor-element-populated\">\n\t\t\t\t\t\t<div class=\"elementor-element elementor-element-ceb0125 elementor-widget__width-initial elementor-widget elementor-widget-text-editor\" data-id=\"ceb0125\" data-element_type=\"widget\" data-e-type=\"widget\" data-widget_type=\"text-editor.default\">\n\t\t\t\t<div class=\"elementor-widget-container\">\n\t\t\t\t\t\t\t\t\t<p>31 May\u0131s 2024 kongrenin 2.g\u00fcn\u00fcnde kongre kat\u0131l\u0131mc\u0131lar\u0131ndan <a href=\"https:\/\/www.instagram.com\/tourvazelon\/?hl=en\">Vazelon Tur<\/a> yetkilisi taraf\u0131ndan kay\u0131tlar al\u0131nacakt\u0131r. Kongreye kay\u0131t olan kat\u0131l\u0131mc\u0131lara %15 indirim uygulanacakt\u0131r.<\/p><p>D\u00dcZENLENECEK TURLAR<\/p><p>1) UZUNG\u00d6L TURU 600 TRY K\u0130\u015e\u0130 BA\u015eI (M\u00dcZE G\u0130R\u0130\u015eLER\u0130 YOKTUR BU TURDA)<\/p><p>2)\u00a0AYDER TURU 700 TRY K\u0130\u015e\u0130 BA\u015eI\u00a0 (M\u00dcZE G\u0130R\u0130\u015eLER\u0130 YOKTUR BU TURDA)<\/p><p>3)\u00a0TRABZON \u015eEH\u0130R TURU 500 TRY K\u0130\u015e\u0130 BA\u015eI (SADECE ATAT\u00dcRK K\u00d6\u015eK\u00dcNDE M\u00dcZE G\u0130R\u0130\u015e \u00dcCRET\u0130 VARDIR ( 30 TRY K\u0130\u015e\u0130 BA\u015eI ))<\/p><p>4)\u00a0HIDIRNEB\u0130 TURU 600 TRY K\u0130\u015e\u0130 BA\u015eI (SADECE \u00c7AL MA\u011eRASINDA M\u00dcZE G\u0130R\u0130\u015e \u00dcCRET\u0130 VARDIR ( K\u0130\u015e\u0130 BA\u015eI 30 TRY))<\/p><p>5) ZIGANA PAKET TURU 700 TRY K\u0130\u015e\u0130 BA\u015eI (S\u00dcMELADA BEL\u0130RL\u0130 <b>B\u0130R<\/b>\u00a0NOKTADAN SONRA S\u00dcMELANIN KEND\u0130NE HAS DOLMU\u015eLARI VAR. (K\u0130\u015e\u0130 BA\u015eI 52 TRY.) (DAHA SONRASINDA S\u00dcMELA M\u00dcZE G\u0130R\u0130\u015e\u0130 \u0130\u00c7\u0130N : M\u0130SAF\u0130RLER\u0130N M\u00dcZE KARTI VARSA \u00dcCRETS\u0130Z G\u0130R\u0130\u015e YAPAB\u0130L\u0130RS\u0130N\u0130Z. YOK \u0130SE G\u0130R\u0130\u015eTE ( K\u0130\u015e\u0130 BA\u015eI 60 TRY M\u00dcZE KART CIKARTIP G\u0130REB\u0130L\u0130RLER.)\u00a0 ( M\u00dcZE G\u0130R\u0130\u015e\u0130 YABANCI K\u0130ML\u0130KLERE \u0130SE K\u0130\u015e\u0130 BA\u015eI 700 TRY\u2019dir.)<\/p><p>6)\u00a0\u00a0KARACA MA\u011eARASI M\u00dcZE G\u0130R\u0130\u015e \u00dcCRET\u0130 ( K\u0130\u015e\u0130 BA\u015eI 60 TRY)<\/p><p>7)\u00a0TORUL CAM TERAS G\u0130R\u0130\u015e \u00dcCRET\u0130 ( K\u0130\u015e\u0130 BA\u015eI 60 TRY)<\/p><p>8) BATUM TURU K\u0130\u015e\u0130 BA\u015eI 1000 TRY<\/p><p>* G\u0130R\u0130\u015e \u0130\u00c7\u0130N YEN\u0130 K\u0130ML\u0130K ZORUNLULU\u011eU\u00a0<\/p><p>* \u2060K\u0130ML\u0130KTE RES\u0130M ZORUNLU\u011eU\u00a0<\/p><p>* \u206018 YA\u015e B\u00dcY\u00dcK OLMA ZORUNLULU\u011eU\u00a0<\/p><p>* \u2060G\u0130R\u0130\u015eTE 150 TRY K\u0130\u015e\u0130 BA\u015eI PUL PARASI ZORUNLULU\u011eU VARDIR\u00a0<\/p><p><a href=\"file:\/\/\/C:\/Users\/Lenovo\/Downloads\/Vazelon%20Tur%20Online%20Katalog%20TR.pdf\">VAZELON TUR<\/a>\u00a0<\/p>\t\t\t\t\t\t\t\t<\/div>\n\t\t\t\t<\/div>\n\t\t\t\t\t<\/div>\n\t\t<\/div>\n\t\t\t\t\t<\/div>\n\t\t<\/section>\n\t\t\t\t<section class=\"elementor-section elementor-top-section elementor-element elementor-element-6e8b758 elementor-section-boxed elementor-section-height-default elementor-section-height-default\" data-id=\"6e8b758\" data-element_type=\"section\" data-e-type=\"section\">\n\t\t\t\t\t\t<div class=\"elementor-container elementor-column-gap-default\">\n\t\t\t\t\t<div class=\"elementor-column elementor-col-33 elementor-top-column elementor-element elementor-element-2fc9f5a\" data-id=\"2fc9f5a\" data-element_type=\"column\" data-e-type=\"column\">\n\t\t\t<div class=\"elementor-widget-wrap elementor-element-populated\">\n\t\t\t\t\t\t<div class=\"elementor-element elementor-element-ce512ec elementor-widget elementor-widget-image\" data-id=\"ce512ec\" data-element_type=\"widget\" data-e-type=\"widget\" data-widget_type=\"image.default\">\n\t\t\t\t<div class=\"elementor-widget-container\">\n\t\t\t\t\t\t\t\t\t\t\t\t\t\t\t<img fetchpriority=\"high\" decoding=\"async\" width=\"1019\" height=\"1024\" src=\"https:\/\/turkmia.net\/kongre2024\/wp-content\/uploads\/2024\/05\/WhatsApp-Image-2024-05-06-at-22.45.46-1-1019x1024.jpeg\" class=\"attachment-large size-large wp-image-3940\" alt=\"\" srcset=\"https:\/\/turkmia.net\/kongre2024\/wp-content\/uploads\/2024\/05\/WhatsApp-Image-2024-05-06-at-22.45.46-1-1019x1024.jpeg 1019w, https:\/\/turkmia.net\/kongre2024\/wp-content\/uploads\/2024\/05\/WhatsApp-Image-2024-05-06-at-22.45.46-1-300x300.jpeg 300w, https:\/\/turkmia.net\/kongre2024\/wp-content\/uploads\/2024\/05\/WhatsApp-Image-2024-05-06-at-22.45.46-1-150x150.jpeg 150w, https:\/\/turkmia.net\/kongre2024\/wp-content\/uploads\/2024\/05\/WhatsApp-Image-2024-05-06-at-22.45.46-1-768x772.jpeg 768w, https:\/\/turkmia.net\/kongre2024\/wp-content\/uploads\/2024\/05\/WhatsApp-Image-2024-05-06-at-22.45.46-1.jpeg 1052w\" sizes=\"(max-width: 1019px) 100vw, 1019px\" \/>\t\t\t\t\t\t\t\t\t\t\t\t\t\t\t<\/div>\n\t\t\t\t<\/div>\n\t\t\t\t\t<\/div>\n\t\t<\/div>\n\t\t\t\t<div class=\"elementor-column elementor-col-33 elementor-top-column elementor-element elementor-element-fc64669\" data-id=\"fc64669\" data-element_type=\"column\" data-e-type=\"column\">\n\t\t\t<div class=\"elementor-widget-wrap elementor-element-populated\">\n\t\t\t\t\t\t<div class=\"elementor-element elementor-element-733e0cc elementor-widget elementor-widget-image\" data-id=\"733e0cc\" data-element_type=\"widget\" data-e-type=\"widget\" data-widget_type=\"image.default\">\n\t\t\t\t<div class=\"elementor-widget-container\">\n\t\t\t\t\t\t\t\t\t\t\t\t\t\t\t<img decoding=\"async\" width=\"1020\" height=\"1024\" src=\"https:\/\/turkmia.net\/kongre2024\/wp-content\/uploads\/2024\/05\/WhatsApp-Image-2024-05-06-at-22.45.47-1020x1024.jpeg\" class=\"attachment-large size-large wp-image-3939\" alt=\"\" srcset=\"https:\/\/turkmia.net\/kongre2024\/wp-content\/uploads\/2024\/05\/WhatsApp-Image-2024-05-06-at-22.45.47-1020x1024.jpeg 1020w, https:\/\/turkmia.net\/kongre2024\/wp-content\/uploads\/2024\/05\/WhatsApp-Image-2024-05-06-at-22.45.47-300x300.jpeg 300w, https:\/\/turkmia.net\/kongre2024\/wp-content\/uploads\/2024\/05\/WhatsApp-Image-2024-05-06-at-22.45.47-150x150.jpeg 150w, https:\/\/turkmia.net\/kongre2024\/wp-content\/uploads\/2024\/05\/WhatsApp-Image-2024-05-06-at-22.45.47-768x771.jpeg 768w, https:\/\/turkmia.net\/kongre2024\/wp-content\/uploads\/2024\/05\/WhatsApp-Image-2024-05-06-at-22.45.47.jpeg 1070w\" sizes=\"(max-width: 1020px) 100vw, 1020px\" \/>\t\t\t\t\t\t\t\t\t\t\t\t\t\t\t<\/div>\n\t\t\t\t<\/div>\n\t\t\t\t\t<\/div>\n\t\t<\/div>\n\t\t\t\t<div class=\"elementor-column elementor-col-33 elementor-top-column elementor-element elementor-element-c9e7296\" data-id=\"c9e7296\" data-element_type=\"column\" data-e-type=\"column\">\n\t\t\t<div class=\"elementor-widget-wrap elementor-element-populated\">\n\t\t\t\t\t\t<div class=\"elementor-element elementor-element-3f056d0 elementor-widget elementor-widget-image\" data-id=\"3f056d0\" data-element_type=\"widget\" data-e-type=\"widget\" data-widget_type=\"image.default\">\n\t\t\t\t<div class=\"elementor-widget-container\">\n\t\t\t\t\t\t\t\t\t\t\t\t\t\t\t<img decoding=\"async\" width=\"1024\" height=\"1021\" src=\"https:\/\/turkmia.net\/kongre2024\/wp-content\/uploads\/2024\/05\/WhatsApp-Image-2024-05-06-at-22.45.47-1-1024x1021.jpeg\" class=\"attachment-large size-large wp-image-3938\" alt=\"\" srcset=\"https:\/\/turkmia.net\/kongre2024\/wp-content\/uploads\/2024\/05\/WhatsApp-Image-2024-05-06-at-22.45.47-1-1024x1021.jpeg 1024w, https:\/\/turkmia.net\/kongre2024\/wp-content\/uploads\/2024\/05\/WhatsApp-Image-2024-05-06-at-22.45.47-1-300x300.jpeg 300w, https:\/\/turkmia.net\/kongre2024\/wp-content\/uploads\/2024\/05\/WhatsApp-Image-2024-05-06-at-22.45.47-1-150x150.jpeg 150w, https:\/\/turkmia.net\/kongre2024\/wp-content\/uploads\/2024\/05\/WhatsApp-Image-2024-05-06-at-22.45.47-1-768x766.jpeg 768w, https:\/\/turkmia.net\/kongre2024\/wp-content\/uploads\/2024\/05\/WhatsApp-Image-2024-05-06-at-22.45.47-1.jpeg 1081w\" sizes=\"(max-width: 1024px) 100vw, 1024px\" \/>\t\t\t\t\t\t\t\t\t\t\t\t\t\t\t<\/div>\n\t\t\t\t<\/div>\n\t\t\t\t\t<\/div>\n\t\t<\/div>\n\t\t\t\t\t<\/div>\n\t\t<\/section>\n\t\t\t\t<section class=\"elementor-section elementor-top-section elementor-element elementor-element-54b151d elementor-section-boxed elementor-section-height-default elementor-section-height-default\" data-id=\"54b151d\" data-element_type=\"section\" data-e-type=\"section\">\n\t\t\t\t\t\t<div class=\"elementor-container elementor-column-gap-default\">\n\t\t\t\t\t<div class=\"elementor-column elementor-col-33 elementor-top-column elementor-element elementor-element-98e4a0b\" data-id=\"98e4a0b\" data-element_type=\"column\" data-e-type=\"column\">\n\t\t\t<div class=\"elementor-widget-wrap elementor-element-populated\">\n\t\t\t\t\t\t<div class=\"elementor-element elementor-element-7748856 elementor-widget elementor-widget-image\" data-id=\"7748856\" data-element_type=\"widget\" data-e-type=\"widget\" data-widget_type=\"image.default\">\n\t\t\t\t<div class=\"elementor-widget-container\">\n\t\t\t\t\t\t\t\t\t\t\t\t\t\t\t<img loading=\"lazy\" decoding=\"async\" width=\"1017\" height=\"1024\" src=\"https:\/\/turkmia.net\/kongre2024\/wp-content\/uploads\/2024\/05\/WhatsApp-Image-2024-05-06-at-22.45.45-1017x1024.jpeg\" class=\"attachment-large size-large wp-image-3943\" alt=\"\" srcset=\"https:\/\/turkmia.net\/kongre2024\/wp-content\/uploads\/2024\/05\/WhatsApp-Image-2024-05-06-at-22.45.45-1017x1024.jpeg 1017w, https:\/\/turkmia.net\/kongre2024\/wp-content\/uploads\/2024\/05\/WhatsApp-Image-2024-05-06-at-22.45.45-298x300.jpeg 298w, https:\/\/turkmia.net\/kongre2024\/wp-content\/uploads\/2024\/05\/WhatsApp-Image-2024-05-06-at-22.45.45-150x150.jpeg 150w, https:\/\/turkmia.net\/kongre2024\/wp-content\/uploads\/2024\/05\/WhatsApp-Image-2024-05-06-at-22.45.45-768x773.jpeg 768w, https:\/\/turkmia.net\/kongre2024\/wp-content\/uploads\/2024\/05\/WhatsApp-Image-2024-05-06-at-22.45.45.jpeg 1067w\" sizes=\"(max-width: 1017px) 100vw, 1017px\" \/>\t\t\t\t\t\t\t\t\t\t\t\t\t\t\t<\/div>\n\t\t\t\t<\/div>\n\t\t\t\t\t<\/div>\n\t\t<\/div>\n\t\t\t\t<div class=\"elementor-column elementor-col-33 elementor-top-column elementor-element elementor-element-929b650\" data-id=\"929b650\" data-element_type=\"column\" data-e-type=\"column\">\n\t\t\t<div class=\"elementor-widget-wrap elementor-element-populated\">\n\t\t\t\t\t\t<div class=\"elementor-element elementor-element-2d14ced elementor-widget elementor-widget-image\" data-id=\"2d14ced\" data-element_type=\"widget\" data-e-type=\"widget\" data-widget_type=\"image.default\">\n\t\t\t\t<div class=\"elementor-widget-container\">\n\t\t\t\t\t\t\t\t\t\t\t\t\t\t\t<img loading=\"lazy\" decoding=\"async\" width=\"1024\" height=\"1016\" src=\"https:\/\/turkmia.net\/kongre2024\/wp-content\/uploads\/2024\/05\/WhatsApp-Image-2024-05-06-at-22.45.45-1-1024x1016.jpeg\" class=\"attachment-large size-large wp-image-3942\" alt=\"\" srcset=\"https:\/\/turkmia.net\/kongre2024\/wp-content\/uploads\/2024\/05\/WhatsApp-Image-2024-05-06-at-22.45.45-1-1024x1016.jpeg 1024w, https:\/\/turkmia.net\/kongre2024\/wp-content\/uploads\/2024\/05\/WhatsApp-Image-2024-05-06-at-22.45.45-1-300x298.jpeg 300w, https:\/\/turkmia.net\/kongre2024\/wp-content\/uploads\/2024\/05\/WhatsApp-Image-2024-05-06-at-22.45.45-1-150x150.jpeg 150w, https:\/\/turkmia.net\/kongre2024\/wp-content\/uploads\/2024\/05\/WhatsApp-Image-2024-05-06-at-22.45.45-1-768x762.jpeg 768w, https:\/\/turkmia.net\/kongre2024\/wp-content\/uploads\/2024\/05\/WhatsApp-Image-2024-05-06-at-22.45.45-1.jpeg 1040w\" sizes=\"(max-width: 1024px) 100vw, 1024px\" \/>\t\t\t\t\t\t\t\t\t\t\t\t\t\t\t<\/div>\n\t\t\t\t<\/div>\n\t\t\t\t\t<\/div>\n\t\t<\/div>\n\t\t\t\t<div class=\"elementor-column elementor-col-33 elementor-top-column elementor-element elementor-element-2dfac83\" data-id=\"2dfac83\" data-element_type=\"column\" data-e-type=\"column\">\n\t\t\t<div class=\"elementor-widget-wrap elementor-element-populated\">\n\t\t\t\t\t\t<div class=\"elementor-element elementor-element-a344028 elementor-widget elementor-widget-image\" data-id=\"a344028\" data-element_type=\"widget\" data-e-type=\"widget\" data-widget_type=\"image.default\">\n\t\t\t\t<div class=\"elementor-widget-container\">\n\t\t\t\t\t\t\t\t\t\t\t\t\t\t\t<img loading=\"lazy\" decoding=\"async\" width=\"1020\" height=\"1024\" src=\"https:\/\/turkmia.net\/kongre2024\/wp-content\/uploads\/2024\/05\/WhatsApp-Image-2024-05-06-at-22.45.46-1020x1024.jpeg\" class=\"attachment-large size-large wp-image-3941\" alt=\"\" srcset=\"https:\/\/turkmia.net\/kongre2024\/wp-content\/uploads\/2024\/05\/WhatsApp-Image-2024-05-06-at-22.45.46-1020x1024.jpeg 1020w, https:\/\/turkmia.net\/kongre2024\/wp-content\/uploads\/2024\/05\/WhatsApp-Image-2024-05-06-at-22.45.46-300x300.jpeg 300w, https:\/\/turkmia.net\/kongre2024\/wp-content\/uploads\/2024\/05\/WhatsApp-Image-2024-05-06-at-22.45.46-150x150.jpeg 150w, https:\/\/turkmia.net\/kongre2024\/wp-content\/uploads\/2024\/05\/WhatsApp-Image-2024-05-06-at-22.45.46-768x771.jpeg 768w, https:\/\/turkmia.net\/kongre2024\/wp-content\/uploads\/2024\/05\/WhatsApp-Image-2024-05-06-at-22.45.46.jpeg 1065w\" sizes=\"(max-width: 1020px) 100vw, 1020px\" \/>\t\t\t\t\t\t\t\t\t\t\t\t\t\t\t<\/div>\n\t\t\t\t<\/div>\n\t\t\t\t\t<\/div>\n\t\t<\/div>\n\t\t\t\t\t<\/div>\n\t\t<\/section>\n\t\t\t\t<\/div>\n\t\t","protected":false},"excerpt":{"rendered":"<p>31 May\u0131s 2024 kongrenin 2.g\u00fcn\u00fcnde kongre kat\u0131l\u0131mc\u0131lar\u0131ndan Vazelon Tur yetkilisi taraf\u0131ndan kay\u0131tlar al\u0131nacakt\u0131r. Kongreye kay\u0131t olan kat\u0131l\u0131mc\u0131lara %15 indirim uygulanacakt\u0131r. D\u00dcZENLENECEK TURLAR 1) UZUNG\u00d6L TURU 600 TRY K\u0130\u015e\u0130 BA\u015eI (M\u00dcZE G\u0130R\u0130\u015eLER\u0130 YOKTUR BU TURDA) 2)\u00a0AYDER TURU 700 TRY K\u0130\u015e\u0130 BA\u015eI\u00a0 (M\u00dcZE G\u0130R\u0130\u015eLER\u0130 YOKTUR BU TURDA) 3)\u00a0TRABZON \u015eEH\u0130R TURU 500 TRY K\u0130\u015e\u0130 BA\u015eI (SADECE ATAT\u00dcRK K\u00d6\u015eK\u00dcNDE [&hellip;]<\/p>\n","protected":false},"author":1,"featured_media":0,"parent":0,"menu_order":0,"comment_status":"closed","ping_status":"closed","template":"","meta":{"footnotes":""},"class_list":["post-3905","page","type-page","status-publish","hentry"],"_links":{"self":[{"href":"https:\/\/turkmia.net\/kongre2024\/wp-json\/wp\/v2\/pages\/3905","targetHints":{"allow":["GET"]}}],"collection":[{"href":"https:\/\/turkmia.net\/kongre2024\/wp-json\/wp\/v2\/pages"}],"about":[{"href":"https:\/\/turkmia.net\/kongre2024\/wp-json\/wp\/v2\/types\/page"}],"author":[{"embeddable":true,"href":"https:\/\/turkmia.net\/kongre2024\/wp-json\/wp\/v2\/users\/1"}],"replies":[{"embeddable":true,"href":"https:\/\/turkmia.net\/kongre2024\/wp-json\/wp\/v2\/comments?post=3905"}],"version-history":[{"count":18,"href":"https:\/\/turkmia.net\/kongre2024\/wp-json\/wp\/v2\/pages\/3905\/revisions"}],"predecessor-version":[{"id":3988,"href":"https:\/\/turkmia.net\/kongre2024\/wp-json\/wp\/v2\/pages\/3905\/revisions\/3988"}],"wp:attachment":[{"href":"https:\/\/turkmia.net\/kongre2024\/wp-json\/wp\/v2\/media?parent=3905"}],"curies":[{"name":"wp","href":"https:\/\/api.w.org\/{rel}","templated":true}]}}