{"id":3750,"date":"2024-03-24T15:37:54","date_gmt":"2024-03-24T12:37:54","guid":{"rendered":"https:\/\/turkmia.net\/kongre2024\/?page_id=3750"},"modified":"2024-05-28T12:49:05","modified_gmt":"2024-05-28T09:49:05","slug":"konaklama","status":"publish","type":"page","link":"https:\/\/turkmia.net\/kongre2024\/konaklama\/","title":{"rendered":"Konaklama"},"content":{"rendered":"\t\t<div data-elementor-type=\"wp-page\" data-elementor-id=\"3750\" class=\"elementor elementor-3750\">\n\t\t\t\t\t\t<section class=\"elementor-section elementor-top-section elementor-element elementor-element-3bdaee7 elementor-section-boxed elementor-section-height-default elementor-section-height-default\" data-id=\"3bdaee7\" data-element_type=\"section\" data-e-type=\"section\">\n\t\t\t\t\t\t<div class=\"elementor-container elementor-column-gap-default\">\n\t\t\t\t\t<div class=\"elementor-column elementor-col-100 elementor-top-column elementor-element elementor-element-eb73fa5\" data-id=\"eb73fa5\" data-element_type=\"column\" data-e-type=\"column\">\n\t\t\t<div class=\"elementor-widget-wrap elementor-element-populated\">\n\t\t\t\t\t\t<div class=\"elementor-element elementor-element-ff3408f elementor-widget elementor-widget-text-editor\" data-id=\"ff3408f\" data-element_type=\"widget\" data-e-type=\"widget\" data-widget_type=\"text-editor.default\">\n\t\t\t\t<div class=\"elementor-widget-container\">\n\t\t\t\t\t\t\t\t\t<p><span style=\"vertical-align: inherit;\"><span style=\"vertical-align: inherit;\">KT\u00dc Koru Tesisleri<\/span><\/span><\/p>\n<p><span style=\"vertical-align: inherit;\"><span style=\"vertical-align: inherit;\">\u00dcniversite, Milli Egemenlik Cd. No:23, 61080 Trabzon Merkez\/Trabzon<\/span><\/span><\/p>\n<p><span style=\"vertical-align: inherit;\"><span style=\"vertical-align: inherit;\">Tel: (0462) 328 08 15<\/span><\/span><\/p>\n<p><a href=\"https:\/\/www.ktu.edu.tr\/koru\"><span style=\"vertical-align: inherit;\"><span style=\"vertical-align: inherit;\">Koru Otel<\/span><\/span><\/a><\/p>\n<p><span style=\"vertical-align: inherit;\"><span style=\"vertical-align: inherit;\">Kongreye kay\u0131t yapt\u0131ran ki\u015finin koru tesislerinde konaklama i\u015flemlerini ger\u00e7ekle\u015ftirmesi i\u00e7in kay\u0131t yapt\u0131rmalar\u0131 gerekmektedir.&nbsp;<\/span><\/span><\/p>\n<p>Koru tesisleri, Osman Turan Kongre Merkezi ve Havaliman\u0131 bu b\u00f6lgeye y\u00fcr\u00fcme mesafesindedir.<br><\/p>\n<p><span style=\"vertical-align: inherit;\"><span style=\"vertical-align: inherit;\">Konaklama merkezinin Kongrenin yap\u0131laca\u011f\u0131 Prof. Dr. Osman Turan K\u00fclt\u00fcr ve Kongre Merkezi&#8217;ne uzakl\u0131\u011f\u0131 y\u00fcr\u00fcme mesafesi olarak 3 dakika s\u00fcr\u00fcyor.&nbsp;<\/span><\/span><\/p>\n<p><span style=\"vertical-align: inherit;\"><span style=\"vertical-align: inherit;\">Havaalan\u0131ndan \u00e7\u0131k\u0131\u015fta sahil yolu \u00fczerinde bulunan k\u00f6pr\u00fcden ge\u00e7ilerek KT\u00dc C kap\u0131s\u0131na ula\u015f\u0131l\u0131r. C kap\u0131s\u0131ndan Koru Tesislerine 400 metre mesafe vard\u0131r.<\/span><\/span><\/p>\n<p><a href=\"https:\/\/www.google.com\/maps\/dir\/%C3%9Cniversite,+Prof.+Dr.+Osman+Turan+K%C3%BClt%C3%BCr+ve+Kongre+Merkezi,+Ortahisar%2FTrabzon\/KT%C3%9C+Koru+Tesisleri+(Koru+Otel),+%C3%9Cniversite,+Milli+Egemenlik+Cd.+No:23,+61080+Trabzon+Merkez%2FTrabzon\/@40.9983796,39.7624192,17z\/data=!3m1!4b1!4m14!4m13!1m5!1m1!1s0x40643c78d254ad2d:0xdf3ebfee5d604c49!2m2!1d39.7647656!2d40.9986083!1m5!1m1!1s0x40643c78b4477107:0x5235d7fce87e6603!2m2!1d39.7658359!2d40.99827!3e2?entry=ttu\"><span style=\"vertical-align: inherit;\"><span style=\"vertical-align: inherit;\">HAR\u0130TA KONUMU<\/span><\/span><\/a><\/p>\n<p><span style=\"vertical-align: inherit;\"><span style=\"vertical-align: inherit;\">Konaklama merkezinin Trabzon Havaliman\u0131na uzakl\u0131\u011f\u0131 taksi veya dolmu\u015f ile 8 dakika s\u00fcrmektedir.&nbsp;<\/span><\/span><\/p>\n<p><a href=\"https:\/\/www.google.com\/maps\/dir\/Trabzon+Airport,+%C3%9Cniversite,+Trabzon+Havaalan%C4%B1,+61100+Ortahisar%2FTrabzon\/KT%C3%9C+Koru+Tesisleri+(Koru+Otel),+%C3%9Cniversite,+Milli+Egemenlik+Cd.+No:23,+61080+Trabzon+Merkez%2FTrabzon\/@40.9971394,39.7582171,15z\/data=!3m1!4b1!4m14!4m13!1m5!1m1!1s0x40643b9d271b08fb:0x7df292f5eedabe39!2m2!1d39.7800025!2d40.9950872!1m5!1m1!1s0x40643c78b4477107:0x5235d7fce87e6603!2m2!1d39.7658359!2d40.99827!3e0?entry=ttu\"><span style=\"vertical-align: inherit;\"><span style=\"vertical-align: inherit;\">HAR\u0130TA KONUMU<\/span><\/span><\/a><\/p>\t\t\t\t\t\t\t\t<\/div>\n\t\t\t\t<\/div>\n\t\t\t\t\t<\/div>\n\t\t<\/div>\n\t\t\t\t\t<\/div>\n\t\t<\/section>\n\t\t\t\t<\/div>\n\t\t","protected":false},"excerpt":{"rendered":"<p>KT\u00dc Koru Tesisleri \u00dcniversite, Milli Egemenlik Cd. No:23, 61080 Trabzon Merkez\/Trabzon Tel: (0462) 328 08 15 Koru Otel Kongreye kay\u0131t yapt\u0131ran ki\u015finin koru tesislerinde konaklama i\u015flemlerini ger\u00e7ekle\u015ftirmesi i\u00e7in kay\u0131t yapt\u0131rmalar\u0131 gerekmektedir.&nbsp; Koru tesisleri, Osman Turan Kongre Merkezi ve Havaliman\u0131 bu b\u00f6lgeye y\u00fcr\u00fcme mesafesindedir. Konaklama merkezinin Kongrenin yap\u0131laca\u011f\u0131 Prof. Dr. Osman Turan K\u00fclt\u00fcr ve Kongre Merkezi&#8217;ne [&hellip;]<\/p>\n","protected":false},"author":1,"featured_media":0,"parent":0,"menu_order":0,"comment_status":"closed","ping_status":"closed","template":"","meta":{"footnotes":""},"class_list":["post-3750","page","type-page","status-publish","hentry"],"_links":{"self":[{"href":"https:\/\/turkmia.net\/kongre2024\/wp-json\/wp\/v2\/pages\/3750","targetHints":{"allow":["GET"]}}],"collection":[{"href":"https:\/\/turkmia.net\/kongre2024\/wp-json\/wp\/v2\/pages"}],"about":[{"href":"https:\/\/turkmia.net\/kongre2024\/wp-json\/wp\/v2\/types\/page"}],"author":[{"embeddable":true,"href":"https:\/\/turkmia.net\/kongre2024\/wp-json\/wp\/v2\/users\/1"}],"replies":[{"embeddable":true,"href":"https:\/\/turkmia.net\/kongre2024\/wp-json\/wp\/v2\/comments?post=3750"}],"version-history":[{"count":21,"href":"https:\/\/turkmia.net\/kongre2024\/wp-json\/wp\/v2\/pages\/3750\/revisions"}],"predecessor-version":[{"id":4255,"href":"https:\/\/turkmia.net\/kongre2024\/wp-json\/wp\/v2\/pages\/3750\/revisions\/4255"}],"wp:attachment":[{"href":"https:\/\/turkmia.net\/kongre2024\/wp-json\/wp\/v2\/media?parent=3750"}],"curies":[{"name":"wp","href":"https:\/\/api.w.org\/{rel}","templated":true}]}}