{"id":772,"date":"2020-12-03T12:11:56","date_gmt":"2020-12-03T12:11:56","guid":{"rendered":"https:\/\/turkmia.net\/kongre2021\/?page_id=772"},"modified":"2021-03-24T07:53:27","modified_gmt":"2021-03-24T07:53:27","slug":"bildiri_gonderimi","status":"publish","type":"page","link":"https:\/\/turkmia.net\/kongre2021\/bildiri_gonderimi\/","title":{"rendered":"Bildiriler"},"content":{"rendered":"\t\t<div data-elementor-type=\"wp-post\" data-elementor-id=\"772\" class=\"elementor elementor-772\">\n\t\t\t\t\t\t<section class=\"elementor-section elementor-top-section elementor-element elementor-element-3906703 elementor-section-boxed elementor-section-height-default elementor-section-height-default\" data-id=\"3906703\" data-element_type=\"section\" data-e-type=\"section\" data-settings=\"{&quot;background_background&quot;:&quot;classic&quot;}\">\n\t\t\t\t\t\t\t<div class=\"elementor-background-overlay\"><\/div>\n\t\t\t\t\t\t\t<div class=\"elementor-container elementor-column-gap-default\">\n\t\t\t\t\t<div class=\"elementor-column elementor-col-100 elementor-top-column elementor-element elementor-element-89f543b\" data-id=\"89f543b\" data-element_type=\"column\" data-e-type=\"column\">\n\t\t\t<div class=\"elementor-widget-wrap\">\n\t\t\t\t\t\t\t<\/div>\n\t\t<\/div>\n\t\t\t\t\t<\/div>\n\t\t<\/section>\n\t\t\t\t<section class=\"elementor-section elementor-top-section elementor-element elementor-element-201835e elementor-section-boxed elementor-section-height-default elementor-section-height-default\" data-id=\"201835e\" data-element_type=\"section\" data-e-type=\"section\">\n\t\t\t\t\t\t<div class=\"elementor-container elementor-column-gap-default\">\n\t\t\t\t\t<div class=\"elementor-column elementor-col-100 elementor-top-column elementor-element elementor-element-d993cca\" data-id=\"d993cca\" data-element_type=\"column\" data-e-type=\"column\">\n\t\t\t<div class=\"elementor-widget-wrap elementor-element-populated\">\n\t\t\t\t\t\t<div class=\"elementor-element elementor-element-81b4a8f elementor-widget elementor-widget-heading\" data-id=\"81b4a8f\" data-element_type=\"widget\" data-e-type=\"widget\" data-widget_type=\"heading.default\">\n\t\t\t\t<div class=\"elementor-widget-container\">\n\t\t\t\t\t<h2 class=\"elementor-heading-title elementor-size-default\"><h2 data-elementor-setting-key=\"title\" data-pen-placeholder=\"Type Here...\" style=\"font-style: normal\">B\u0130LD\u0130R\u0130 G\u00d6NDER\u0130M\u0130<\/h2><\/h2>\t\t\t\t<\/div>\n\t\t\t\t<\/div>\n\t\t\t\t<div class=\"elementor-element elementor-element-146f79d elementor-widget-divider--view-line elementor-widget elementor-widget-divider\" data-id=\"146f79d\" data-element_type=\"widget\" data-e-type=\"widget\" data-widget_type=\"divider.default\">\n\t\t\t\t<div class=\"elementor-widget-container\">\n\t\t\t\t\t\t\t<div class=\"elementor-divider\">\n\t\t\t<span class=\"elementor-divider-separator\">\n\t\t\t\t\t\t<\/span>\n\t\t<\/div>\n\t\t\t\t\t\t<\/div>\n\t\t\t\t<\/div>\n\t\t\t\t<section class=\"elementor-section elementor-inner-section elementor-element elementor-element-aaeb7ca elementor-section-boxed elementor-section-height-default elementor-section-height-default\" data-id=\"aaeb7ca\" data-element_type=\"section\" data-e-type=\"section\">\n\t\t\t\t\t\t<div class=\"elementor-container elementor-column-gap-default\">\n\t\t\t\t\t<div class=\"elementor-column elementor-col-33 elementor-inner-column elementor-element elementor-element-de78970\" data-id=\"de78970\" data-element_type=\"column\" data-e-type=\"column\">\n\t\t\t<div class=\"elementor-widget-wrap elementor-element-populated\">\n\t\t\t\t\t\t<div class=\"elementor-element elementor-element-8a9afd2 elementor-widget elementor-widget-image\" data-id=\"8a9afd2\" data-element_type=\"widget\" data-e-type=\"widget\" data-widget_type=\"image.default\">\n\t\t\t\t<div class=\"elementor-widget-container\">\n\t\t\t\t\t\t\t\t\t\t\t\t<figure class=\"wp-caption\">\n\t\t\t\t\t\t\t\t\t\t\t<a href=\"https:\/\/turkmia.net\/wp-content\/uploads\/2021\/03\/TURKMIA2021-Proceedings.pdf\" target=\"_blank\">\n\t\t\t\t\t\t\t<img fetchpriority=\"high\" decoding=\"async\" width=\"211\" height=\"300\" src=\"https:\/\/turkmia.net\/kongre2021\/wp-content\/uploads\/2021\/03\/2021-211x300.png\" class=\"attachment-medium size-medium wp-image-1354\" alt=\"\" srcset=\"https:\/\/turkmia.net\/kongre2021\/wp-content\/uploads\/2021\/03\/2021-211x300.png 211w, https:\/\/turkmia.net\/kongre2021\/wp-content\/uploads\/2021\/03\/2021.png 492w\" sizes=\"(max-width: 211px) 100vw, 211px\" \/>\t\t\t\t\t\t\t\t<\/a>\n\t\t\t\t\t\t\t\t\t\t\t<figcaption class=\"widget-image-caption wp-caption-text\">2021 Bildiriler Kitab\u0131<\/figcaption>\n\t\t\t\t\t\t\t\t\t\t<\/figure>\n\t\t\t\t\t\t\t\t\t<\/div>\n\t\t\t\t<\/div>\n\t\t\t\t\t<\/div>\n\t\t<\/div>\n\t\t\t\t<div class=\"elementor-column elementor-col-33 elementor-inner-column elementor-element elementor-element-bf4f079\" data-id=\"bf4f079\" data-element_type=\"column\" data-e-type=\"column\">\n\t\t\t<div class=\"elementor-widget-wrap elementor-element-populated\">\n\t\t\t\t\t\t<div class=\"elementor-element elementor-element-6c61490 elementor-widget elementor-widget-image\" data-id=\"6c61490\" data-element_type=\"widget\" data-e-type=\"widget\" data-widget_type=\"image.default\">\n\t\t\t\t<div class=\"elementor-widget-container\">\n\t\t\t\t\t\t\t\t\t\t\t\t<figure class=\"wp-caption\">\n\t\t\t\t\t\t\t\t\t\t\t<a href=\"https:\/\/turkmia.net\/kongre2021\/wp-content\/uploads\/2021\/03\/Bildiri-Programi.png\" data-elementor-open-lightbox=\"no\">\n\t\t\t\t\t\t\t<img decoding=\"async\" width=\"232\" height=\"300\" src=\"https:\/\/turkmia.net\/kongre2021\/wp-content\/uploads\/2021\/03\/Bildiri-Programi-232x300.png\" class=\"attachment-medium size-medium wp-image-1162\" alt=\"\" srcset=\"https:\/\/turkmia.net\/kongre2021\/wp-content\/uploads\/2021\/03\/Bildiri-Programi-232x300.png 232w, https:\/\/turkmia.net\/kongre2021\/wp-content\/uploads\/2021\/03\/Bildiri-Programi-791x1024.png 791w, https:\/\/turkmia.net\/kongre2021\/wp-content\/uploads\/2021\/03\/Bildiri-Programi-768x994.png 768w, https:\/\/turkmia.net\/kongre2021\/wp-content\/uploads\/2021\/03\/Bildiri-Programi-1187x1536.png 1187w, https:\/\/turkmia.net\/kongre2021\/wp-content\/uploads\/2021\/03\/Bildiri-Programi.png 1224w\" sizes=\"(max-width: 232px) 100vw, 232px\" \/>\t\t\t\t\t\t\t\t<\/a>\n\t\t\t\t\t\t\t\t\t\t\t<figcaption class=\"widget-image-caption wp-caption-text\">Bildiri Sunum Program\u0131<\/figcaption>\n\t\t\t\t\t\t\t\t\t\t<\/figure>\n\t\t\t\t\t\t\t\t\t<\/div>\n\t\t\t\t<\/div>\n\t\t\t\t\t<\/div>\n\t\t<\/div>\n\t\t\t\t<div class=\"elementor-column elementor-col-33 elementor-inner-column elementor-element elementor-element-a34e618\" data-id=\"a34e618\" data-element_type=\"column\" data-e-type=\"column\">\n\t\t\t<div class=\"elementor-widget-wrap elementor-element-populated\">\n\t\t\t\t\t\t<div class=\"elementor-element elementor-element-f95450d elementor-widget elementor-widget-image\" data-id=\"f95450d\" data-element_type=\"widget\" data-e-type=\"widget\" data-widget_type=\"image.default\">\n\t\t\t\t<div class=\"elementor-widget-container\">\n\t\t\t\t\t\t\t\t\t\t\t\t<figure class=\"wp-caption\">\n\t\t\t\t\t\t\t\t\t\t\t<a href=\"https:\/\/turkmia.net\/kongre2021\/wp-content\/uploads\/2021\/03\/PosterListesi.pdf\" target=\"_blank\">\n\t\t\t\t\t\t\t<img decoding=\"async\" width=\"232\" height=\"300\" src=\"https:\/\/turkmia.net\/kongre2021\/wp-content\/uploads\/2021\/03\/Bildiri-Programi-1-232x300.png\" class=\"attachment-medium size-medium wp-image-1349\" alt=\"\" srcset=\"https:\/\/turkmia.net\/kongre2021\/wp-content\/uploads\/2021\/03\/Bildiri-Programi-1-232x300.png 232w, https:\/\/turkmia.net\/kongre2021\/wp-content\/uploads\/2021\/03\/Bildiri-Programi-1-791x1024.png 791w, https:\/\/turkmia.net\/kongre2021\/wp-content\/uploads\/2021\/03\/Bildiri-Programi-1-768x994.png 768w, https:\/\/turkmia.net\/kongre2021\/wp-content\/uploads\/2021\/03\/Bildiri-Programi-1-1187x1536.png 1187w, https:\/\/turkmia.net\/kongre2021\/wp-content\/uploads\/2021\/03\/Bildiri-Programi-1.png 1224w\" sizes=\"(max-width: 232px) 100vw, 232px\" \/>\t\t\t\t\t\t\t\t<\/a>\n\t\t\t\t\t\t\t\t\t\t\t<figcaption class=\"widget-image-caption wp-caption-text\">Poster Bildiriler Listesi<\/figcaption>\n\t\t\t\t\t\t\t\t\t\t<\/figure>\n\t\t\t\t\t\t\t\t\t<\/div>\n\t\t\t\t<\/div>\n\t\t\t\t\t<\/div>\n\t\t<\/div>\n\t\t\t\t\t<\/div>\n\t\t<\/section>\n\t\t\t\t<div class=\"elementor-element elementor-element-f2eebb4 elementor-widget-divider--view-line elementor-widget elementor-widget-divider\" data-id=\"f2eebb4\" data-element_type=\"widget\" data-e-type=\"widget\" data-widget_type=\"divider.default\">\n\t\t\t\t<div class=\"elementor-widget-container\">\n\t\t\t\t\t\t\t<div class=\"elementor-divider\">\n\t\t\t<span class=\"elementor-divider-separator\">\n\t\t\t\t\t\t<\/span>\n\t\t<\/div>\n\t\t\t\t\t\t<\/div>\n\t\t\t\t<\/div>\n\t\t\t\t\t<\/div>\n\t\t<\/div>\n\t\t\t\t\t<\/div>\n\t\t<\/section>\n\t\t\t\t<section class=\"elementor-section elementor-top-section elementor-element elementor-element-cb47640 elementor-section-boxed elementor-section-height-default elementor-section-height-default\" data-id=\"cb47640\" data-element_type=\"section\" data-e-type=\"section\">\n\t\t\t\t\t\t<div class=\"elementor-container elementor-column-gap-default\">\n\t\t\t\t\t<div class=\"elementor-column elementor-col-100 elementor-top-column elementor-element elementor-element-8e1bbd8\" data-id=\"8e1bbd8\" data-element_type=\"column\" data-e-type=\"column\">\n\t\t\t<div class=\"elementor-widget-wrap elementor-element-populated\">\n\t\t\t\t\t\t<div class=\"elementor-element elementor-element-f1242f6 elementor-widget elementor-widget-text-editor\" data-id=\"f1242f6\" data-element_type=\"widget\" data-e-type=\"widget\" data-widget_type=\"text-editor.default\">\n\t\t\t\t<div class=\"elementor-widget-container\">\n\t\t\t\t\t\t\t\t\t<h3 contenteditable=\"true\" data-elementor-setting-key=\"title\" data-pen-placeholder=\"Type Here...\">EasyChair Bildiri G\u00f6nderim Sistemi<\/h3><p>Bildiri g\u00f6nderimi i\u00e7in l\u00fctfen a\u015fa\u011f\u0131da ba\u011flant\u0131s\u0131 verilen EasyChair sistemini kullanarak kay\u0131t olunuz. Sisteme giri\u015fin ard\u0131ndan, a\u00e7\u0131lan sayfada a\u00e7\u0131lan \u00fcst men\u00fcdeki \u201cNew Submission\u201d linkini kullanarak bildiri g\u00f6nderiminizi yap\u0131n\u0131z.<\/p><p><a href=\"https:\/\/easychair.org\/conferences\/?conf=turkmia2021\">(https:\/\/easychair.org\/conferences\/?conf=turkmia2021)<\/a><\/p><h4>Bildiri \u00c7a\u011fr\u0131s\u0131<\/h4><p>T\u0131p Bili\u015fimi Derne\u011fi olarak 13. T\u0131p Bili\u015fimi Kongresini 24-27 Mart 2021 tarihleri aras\u0131nda online olarak ger\u00e7ekle\u015ftirme karar\u0131 alm\u0131\u015f bulunmaktay\u0131z. Ana temas\u0131 \u201c<b>TELETIP<\/b>\u201d olarak belirlenen\u00a0 kongremizde, Pandemide Bili\u015fim, Sa\u011fl\u0131kta 5G,\u00a0 Sa\u011fl\u0131kta Yapay Zeka, Sa\u011fl\u0131k E\u011fitiminde Bili\u015fim, Sa\u011fl\u0131k Biliminde Giri\u015fimcilik, Halk Sa\u011fl\u0131\u011f\u0131 Bili\u015fimi, Bili\u015fim Eti\u011fi ve Hukuku, Biyoinformatik, Sa\u011fl\u0131kta Sanal Ger\u00e7eklik, Gerontoloji Bili\u015fimi gibi konularda panel konferans ve bilimsel etkinlikler yer alacakt\u0131r.<\/p><p>T\u0131p Bili\u015fimi Derne\u011fi 13. T\u0131p Bili\u015fimi Kongresi (TurkMIA2021), T\u0131p Bili\u015fimi ile ilgili hem teorik hem de ampirik ara\u015ft\u0131rmalar\u0131 sunma ve tart\u0131\u015fma f\u0131rsat\u0131 sunmaktad\u0131r.\u00a0 13. T\u0131p Bili\u015fimi Derne\u011fi Kongresi (TurkMIA2021), ara\u015ft\u0131rmac\u0131 ve uygulay\u0131c\u0131lar\u0131, t\u0131bbi bili\u015fim alan\u0131ndaki en son\u00a0 yay\u0131nlanmam\u0131\u015f akademik \u00e7al\u0131\u015fmalar\u0131 ile, t\u0131p bili\u015fimi alan\u0131nda geli\u015ftirilmi\u015f olan sistem ve uygulamalar\u0131 da sunmaya davet ediyoruz. TurkMIA2021\u2019in ba\u015fl\u0131ca konular\u0131, a\u015fa\u011f\u0131dakilerle s\u0131n\u0131rl\u0131 olmamak \u00fczere, a\u015fa\u011f\u0131da listelenmi\u015ftir:<\/p><table><tbody><tr><td><ul><li>Sa\u011fl\u0131k alan\u0131nda sanal ve artt\u0131r\u0131lm\u0131\u015f ger\u00e7eklik<\/li><li>T\u0131bbi g\u00f6r\u00fcnt\u00fcleme<\/li><li>Sa\u011fl\u0131k bilgi y\u00f6netim sistemleri<\/li><li>Karar destek sistemleri<\/li><li>Veri madencili\u011fi<\/li><li>Telet\u0131p<\/li><li>Gizlilik ve veri g\u00fcvenli\u011fi<\/li><li>Giyilebilir teknolojiler ve uygulamalar\u0131<\/li><li>Veritabanlar\u0131 ve veri ambarlar\u0131<\/li><li>Bili\u015fsel bili\u015fim<\/li><li>Affektif bili\u015fim<\/li><li>Mobil teknolojiler ve uygulamalar<\/li><li>Sa\u011fl\u0131k hizmetlerinin de\u011ferlendirilmesi ve kullan\u0131m\u0131<\/li><li>Sa\u011fl\u0131k uygulamalar\u0131 i\u00e7in mobil teknolojiler<\/li><\/ul><\/td><td><ul><li>Elektronik sa\u011fl\u0131k kay\u0131tlar\u0131 ve standartlar\u0131<\/li><li>Sa\u011fl\u0131k i\u00e7in yaz\u0131l\u0131m sistemleri<\/li><li>Yayg\u0131n sa\u011fl\u0131k sistemleri ve hizmetleri<\/li><li>Veri g\u00f6rselle\u015ftirme<\/li><li>Makine \u00f6\u011frenmesi<\/li><li>Sa\u011fl\u0131k bili\u015fimi i\u00e7in pratik tabanl\u0131 ara\u015ft\u0131rma y\u00f6ntemleri<\/li><li>\u0130nsan-makine aray\u00fczleri<\/li><li>Hem\u015firelik bili\u015fimi<\/li><li>Evde sa\u011fl\u0131k uygulamalar\u0131<\/li><li>Sa\u011fl\u0131k bilimi metodolojilerinin tasar\u0131m\u0131 ve geli\u015ftirilmesi<\/li><li>e-Sa\u011fl\u0131k uygulamalar\u0131<\/li><li>Klinik olgularda sa\u011fl\u0131k bili\u015fiminin uygulanmas\u0131<\/li><li>Birlikte \u00e7al\u0131\u015fabilirlik ve veri entegrasyonu<\/li><li>Sa\u011fl\u0131k alan\u0131nda b\u00fcy\u00fck veri<\/li><\/ul><\/td><\/tr><\/tbody><\/table><h4>Bildiri G\u00f6nderimi<\/h4><p>G\u00f6nderilen t\u00fcm bildiriler, Springer taraf\u0131ndan LNCS serisinde belirlenen formata uygun olarak haz\u0131rlanmal\u0131d\u0131r.\u00a0 Bildiri g\u00f6ndermek isteyenler i\u00e7in baz\u0131 yararl\u0131 ba\u011flant\u0131lar a\u015fa\u011f\u0131da sunulmu\u015ftur:<\/p><ul><li><a href=\"https:\/\/turkmia.net\/kongre2021\/wp-content\/uploads\/2021\/03\/Springer_Instructions_for_Authors_of_Proceedings_CS.pdf\">Bildiri yazarlar\u0131 i\u00e7in klavuz (pdf \u2013 \u0130ngilizce)<\/a><\/li><li><a href=\"https:\/\/turkmia.net\/kongre2021\/wp-content\/uploads\/2020\/12\/llncs2e.zip\">LaTeX2e Bildiri \u015eablonu (zip)<\/a><\/li><li><a href=\"https:\/\/turkmia.net\/kongre2021\/wp-content\/uploads\/2020\/12\/splnproc1703.zip\">Microsoft Word Bildiri \u015eablonu (zip)<\/a><\/li><\/ul><p>T\u00fcm ba\u015fvurular Program Komitesi \u00fcyeleri taraf\u0131ndan de\u011ferlendirilecek ve kabul edilen bildiriler elektronik olarak bas\u0131lacakt\u0131r.\u00a0 Kongre resmi dilleri \u0130ngilizce ve T\u00fcrk\u00e7e\u2019dir. Ancak, T\u00fcrk\u00e7e olarak yaz\u0131lm\u0131\u015f bildirilerin \u0130ngilizce ba\u015fl\u0131k ve \u00f6zet verilmelidir.<\/p><p>Bu alanda \u00e7al\u0131\u015fan t\u00fcm ara\u015ft\u0131rmac\u0131lar\u0131m\u0131z\u0131 a\u015fa\u011f\u0131daki t\u00fcrden birinde katk\u0131 sunmaya davet ediyoruz:<\/p><ul><li>Tam Makale (12 sayfaya kadar)<\/li><li>Geni\u015fletilmi\u015f \u00f6zet (4 sayfaya kadar)<\/li><li><a href=\"https:\/\/easychair.org\/conferences\/?conf=turkmia2021\" target=\"_blank\" rel=\"noopener\">EasyChair Bildiri G\u00f6nderim Sistemi<\/a><\/li><\/ul><p>Bildiri g\u00f6nderimi i\u00e7in l\u00fctfen a\u015fa\u011f\u0131da ba\u011flant\u0131s\u0131 verilen EasyChair sistemini kullanarak kay\u0131t olunuz. Sisteme giri\u015fin ard\u0131ndan, a\u00e7\u0131lan sayfada a\u00e7\u0131lan \u00fcst men\u00fcdeki \u201cNew Submission\u201d linkini kullanarak bildiri g\u00f6nderiminizi yap\u0131n\u0131z.<\/p><p><span style=\"font-family: Montserrat, sans-serif; font-size: 1.25rem; font-weight: bold;\">\u00d6nemli tarihler<\/span><\/p><div><table style=\"box-sizing: inherit; border-right-width: 1px; border-bottom-width: 1px; border-color: #d1d1d1; font-size: 16px; font-style: normal; font-weight: 400; margin-bottom: 1.75em; border-collapse: collapse; width: 1032px; table-layout: fixed; color: #000000; font-family: Roboto, sans-serif; height: 162px;\"><tbody style=\"box-sizing: inherit; font-size: 16px;\"><tr style=\"box-sizing: inherit; font-size: 16px; height: 27px;\"><td style=\"box-sizing: inherit; border-color: #d1d1d1; font-size: 16px; font-weight: normal; padding: 0.4375em; width: 330px; height: 27px;\"><span style=\"font-size: 16px; font-style: normal; font-weight: 400; color: #222222;\">Bildiri g\u00f6nderme son tarihi\u00a0<\/span><\/td><td style=\"box-sizing: inherit; border-color: #d1d1d1; font-size: 16px; font-weight: normal; padding: 0.4375em; width: 701px; height: 27px;\"><span style=\"box-sizing: inherit; font-size: 12pt; color: #999999;\"><span style=\"box-sizing: inherit; font-size: 16px; color: #993300;\"><del datetime=\"2021-02-09T21:06:50+00:00\">8 \u015eubat 2021<\/del><\/span><\/span> <span style=\"color: #ff0000;\"><strong>22 \u015eubat 2021<\/strong><\/span><\/td><\/tr><tr style=\"box-sizing: inherit; font-size: 16px; height: 54px;\"><td style=\"box-sizing: inherit; border-color: #d1d1d1; font-size: 16px; font-weight: normal; padding: 0.4375em; width: 330px; height: 54px;\"><span style=\"font-size: 16px; font-style: normal; font-weight: 400; color: #222222;\">De\u011ferlendirme sonu\u00e7lar\u0131n\u0131n bildirilmesi<\/span><\/td><td style=\"box-sizing: inherit; border-color: #d1d1d1; font-size: 16px; font-weight: normal; padding: 0.4375em; width: 701px; height: 54px;\"><span style=\"box-sizing: inherit; font-size: 12pt; color: #993300;\"><del datetime=\"2021-02-09T21:06:50+00:00\">01 Mart 2021<\/del>\u00a0<\/span> <strong><span style=\"color: #ff0000;\">10 Mart 2021<\/span><\/strong><\/td><\/tr><tr style=\"box-sizing: inherit; font-size: 16px; height: 54px;\"><td style=\"box-sizing: inherit; border-color: #d1d1d1; font-size: 16px; font-weight: normal; padding: 0.4375em; width: 330px; height: 54px;\"><p style=\"font-size: 16px; font-style: normal; font-weight: 400; margin-bottom: 1.75em; color: #222222;\">Bas\u0131ma haz\u0131r bildirilerin\u00a0<span style=\"font-size: 16px; font-style: normal; font-weight: 400;\">son g\u00f6nderilme tarih<\/span><\/p><\/td><td style=\"box-sizing: inherit; border-color: #d1d1d1; font-size: 16px; font-weight: normal; padding: 0.4375em; width: 701px; height: 54px;\"><span style=\"box-sizing: inherit; font-size: 12pt; color: #993300;\"><del datetime=\"2021-02-09T21:06:50+00:00\">08 Mart 2021\u00a0<\/del><\/span> <strong><span style=\"color: #ff0000;\">19 Mart 2021<\/span><\/strong><\/td><\/tr><tr style=\"box-sizing: inherit; font-size: 16px; height: 20px;\"><td style=\"box-sizing: inherit; border-color: #d1d1d1; font-size: 16px; font-weight: normal; padding: 0.4375em; width: 330px; height: 27px;\"><span style=\"font-size: 16px; font-style: normal; font-weight: 400; color: #222222;\">Kongre g\u00fcnleri<\/span><\/td><td style=\"box-sizing: inherit; border-color: #d1d1d1; font-size: 16px; font-weight: normal; padding: 0.4375em; width: 701px; height: 27px;\"><p style=\"font-size: 16px; margin-bottom: 1.75em;\"><span style=\"box-sizing: inherit; font-size: 12pt; color: #993300;\">24 &#8211; 27 Mart 2021<\/span><\/p><\/td><\/tr><\/tbody><\/table><\/div><h4>Bildirilerle ilgili ileti\u015fim i\u00e7in :<\/h4><div>\u00a0<\/div><h3 contenteditable=\"true\" data-elementor-setting-key=\"title\" data-pen-placeholder=\"Type Here...\"><img decoding=\"async\" role=\"img\" draggable=\"false\" src=\"https:\/\/s.w.org\/images\/core\/emoji\/13.0.0\/svg\/1f4e9.svg\" alt=\"\ud83d\udce9\" width=\"25px\" \/>\u00a0kongre2021@turkmia.net<\/h3>\t\t\t\t\t\t\t\t<\/div>\n\t\t\t\t<\/div>\n\t\t\t\t\t<\/div>\n\t\t<\/div>\n\t\t\t\t\t<\/div>\n\t\t<\/section>\n\t\t\t\t<\/div>\n\t\t","protected":false},"excerpt":{"rendered":"<p>B\u0130LD\u0130R\u0130 G\u00d6NDER\u0130M\u0130 2021 Bildiriler Kitab\u0131 Bildiri Sunum Program\u0131 Poster Bildiriler Listesi EasyChair Bildiri G\u00f6nderim Sistemi Bildiri g\u00f6nderimi i\u00e7in l\u00fctfen a\u015fa\u011f\u0131da ba\u011flant\u0131s\u0131 verilen EasyChair sistemini kullanarak kay\u0131t olunuz. Sisteme giri\u015fin ard\u0131ndan, a\u00e7\u0131lan sayfada a\u00e7\u0131lan \u00fcst men\u00fcdeki \u201cNew Submission\u201d linkini kullanarak bildiri g\u00f6nderiminizi yap\u0131n\u0131z. (https:\/\/easychair.org\/conferences\/?conf=turkmia2021) Bildiri \u00c7a\u011fr\u0131s\u0131 T\u0131p Bili\u015fimi Derne\u011fi olarak 13. T\u0131p Bili\u015fimi Kongresini 24-27 Mart [&hellip;]<\/p>\n","protected":false},"author":1,"featured_media":0,"parent":0,"menu_order":0,"comment_status":"closed","ping_status":"closed","template":"","meta":{"site-sidebar-layout":"no-sidebar","site-content-layout":"page-builder","ast-site-content-layout":"default","site-content-style":"default","site-sidebar-style":"default","ast-global-header-display":"","ast-banner-title-visibility":"","ast-main-header-display":"","ast-hfb-above-header-display":"","ast-hfb-below-header-display":"","ast-hfb-mobile-header-display":"","site-post-title":"disabled","ast-breadcrumbs-content":"","ast-featured-img":"disabled","footer-sml-layout":"","ast-disable-related-posts":"","theme-transparent-header-meta":"enabled","adv-header-id-meta":"","stick-header-meta":"","header-above-stick-meta":"","header-main-stick-meta":"","header-below-stick-meta":"","astra-migrate-meta-layouts":"default","ast-page-background-enabled":"default","ast-page-background-meta":{"desktop":{"background-color":"","background-image":"","background-repeat":"repeat","background-position":"center center","background-size":"auto","background-attachment":"scroll","background-type":"","background-media":"","overlay-type":"","overlay-color":"","overlay-opacity":"","overlay-gradient":""},"tablet":{"background-color":"","background-image":"","background-repeat":"repeat","background-position":"center center","background-size":"auto","background-attachment":"scroll","background-type":"","background-media":"","overlay-type":"","overlay-color":"","overlay-opacity":"","overlay-gradient":""},"mobile":{"background-color":"","background-image":"","background-repeat":"repeat","background-position":"center center","background-size":"auto","background-attachment":"scroll","background-type":"","background-media":"","overlay-type":"","overlay-color":"","overlay-opacity":"","overlay-gradient":""}},"ast-content-background-meta":{"desktop":{"background-color":"var(--ast-global-color-5)","background-image":"","background-repeat":"repeat","background-position":"center center","background-size":"auto","background-attachment":"scroll","background-type":"","background-media":"","overlay-type":"","overlay-color":"","overlay-opacity":"","overlay-gradient":""},"tablet":{"background-color":"var(--ast-global-color-5)","background-image":"","background-repeat":"repeat","background-position":"center center","background-size":"auto","background-attachment":"scroll","background-type":"","background-media":"","overlay-type":"","overlay-color":"","overlay-opacity":"","overlay-gradient":""},"mobile":{"background-color":"var(--ast-global-color-5)","background-image":"","background-repeat":"repeat","background-position":"center center","background-size":"auto","background-attachment":"scroll","background-type":"","background-media":"","overlay-type":"","overlay-color":"","overlay-opacity":"","overlay-gradient":""}},"footnotes":""},"class_list":["post-772","page","type-page","status-publish","hentry"],"_links":{"self":[{"href":"https:\/\/turkmia.net\/kongre2021\/wp-json\/wp\/v2\/pages\/772","targetHints":{"allow":["GET"]}}],"collection":[{"href":"https:\/\/turkmia.net\/kongre2021\/wp-json\/wp\/v2\/pages"}],"about":[{"href":"https:\/\/turkmia.net\/kongre2021\/wp-json\/wp\/v2\/types\/page"}],"author":[{"embeddable":true,"href":"https:\/\/turkmia.net\/kongre2021\/wp-json\/wp\/v2\/users\/1"}],"replies":[{"embeddable":true,"href":"https:\/\/turkmia.net\/kongre2021\/wp-json\/wp\/v2\/comments?post=772"}],"version-history":[{"count":93,"href":"https:\/\/turkmia.net\/kongre2021\/wp-json\/wp\/v2\/pages\/772\/revisions"}],"predecessor-version":[{"id":1384,"href":"https:\/\/turkmia.net\/kongre2021\/wp-json\/wp\/v2\/pages\/772\/revisions\/1384"}],"wp:attachment":[{"href":"https:\/\/turkmia.net\/kongre2021\/wp-json\/wp\/v2\/media?parent=772"}],"curies":[{"name":"wp","href":"https:\/\/api.w.org\/{rel}","templated":true}]}}