{"id":44,"date":"2019-07-04T07:41:12","date_gmt":"2019-07-04T04:41:12","guid":{"rendered":"https:\/\/turkmia.net\/kongre2019\/?page_id=44"},"modified":"2019-09-18T20:01:51","modified_gmt":"2019-09-18T17:01:51","slug":"bildiri-gonderimi","status":"publish","type":"page","link":"https:\/\/turkmia.net\/kongre2019\/bildiri-gonderimi\/","title":{"rendered":"Bildiri G\u00f6nderimi"},"content":{"rendered":"<h5><span style=\"font-size: 14pt;\"><strong>EasyChair Bildiri G\u00f6nderim Sistemi<\/strong><\/span><\/h5>\n<p><span style=\"font-size: 12pt;\">Bildiri g\u00f6nderimi i\u00e7in l\u00fctfen a\u015fa\u011f\u0131da ba\u011flant\u0131s\u0131 verilen <a href=\"https:\/\/easychair.org\/conferences\/?conf=turkmia2019\">EasyChair<\/a> sistemini kullanarak kay\u0131t olunuz. Sisteme giri\u015fin ard\u0131ndan, a\u00e7\u0131lan sayfada a\u00e7\u0131lan \u00fcst men\u00fcdeki \u201cNew Submission\u201d linkini kullanarak bildiri g\u00f6nderiminizi yap\u0131n\u0131z.<\/span><\/p>\n<p><span style=\"color: #000080;\"><a style=\"color: #000080;\" href=\"https:\/\/easychair.org\/conferences\/?conf=turkmia2019\">(https:\/\/easychair.org\/conferences\/?conf=turkmia2019)<\/a><\/span><\/p>\n<h5><span style=\"font-size: 14pt;\"><strong>Bildiri \u00c7a\u011fr\u0131s\u0131<\/strong><\/span><\/h5>\n<p><span style=\"font-size: 12pt;\">T\u0131p Bili\u015fimi Derne\u011fi olarak 12. T\u0131p Bili\u015fimi Kongresini 15-16 Kas\u0131m 2019 tarihleri aras\u0131nda Gazi \u00dcniversitesi T\u0131p Fak\u00fcltesi ev sahipli\u011finde ger\u00e7ekle\u015ftirme karar\u0131 alm\u0131\u015f bulunmaktay\u0131z. Ana temas\u0131 \u201c<strong><em>T\u0131pta Sanal Ger\u00e7ek\u00e7ilik<\/em><\/strong>\u201d olarak belirlenen kongremizde, Sa\u011fl\u0131kta sanal ve artt\u0131r\u0131lm\u0131\u015f ger\u00e7ek\u00e7ilik, makine \u00d6\u011frenmesi, sa\u011fl\u0131kta yapay zeka, robotik cerrahi, b\u00fcy\u00fck veri analizi, Biyoinformatik , Veri G\u00fcvenli\u011fi ve Hem\u015firelik Bili\u015fimi gibi konularda panel konferans ve bilimsel etkinlikler yer alacakt\u0131r.<\/span><\/p>\n<p><span style=\"font-size: 12pt;\">T\u00fcrk T\u0131p Bili\u015fimi Derne\u011fi 12nci Kongresi (TurkMIA2019), T\u0131p Bili\u015fimi ile ilgili hem teorik hem de ampirik ara\u015ft\u0131rmalar\u0131 sunma ve tart\u0131\u015fma f\u0131rsat\u0131 sunmaktad\u0131r. \u00a012. T\u0131p Bili\u015fimi Derne\u011fi Kongresi (TurkMIA2019), ara\u015ft\u0131rmac\u0131 ve uygulay\u0131c\u0131lar\u0131, t\u0131bbi bili\u015fim alan\u0131ndaki en son \u00a0yay\u0131nlanmam\u0131\u015f akademik \u00e7al\u0131\u015fmalar\u0131 ile, t\u0131p bili\u015fimi alan\u0131nda geli\u015ftirilmi\u015f olan sistem ve uygulamalar\u0131 da sunmaya davet ediyoruz. TurkMIA2019\u2019in ba\u015fl\u0131ca konular\u0131, a\u015fa\u011f\u0131dakilerle s\u0131n\u0131rl\u0131 olmamak \u00fczere, a\u015fa\u011f\u0131da listelenmi\u015ftir:<\/span><\/p>\n<table style=\"width: 100%; border-collapse: collapse;\">\n<tbody>\n<tr>\n<td style=\"width: 50%;\">\n<ul>\n<li><span style=\"font-size: 12pt;\">Sa\u011fl\u0131k alan\u0131nda sanal ve a<\/span><span style=\"font-size: 12pt;\">rtt\u0131r\u0131lm\u0131\u015f ger\u00e7eklik<\/span><\/li>\n<li><span style=\"font-size: 12pt;\">T\u0131bbi g\u00f6r\u00fcnt\u00fcleme<\/span><\/li>\n<li><span style=\"font-size: 12pt;\">Sa\u011fl\u0131k bilgi y\u00f6netim sistemleri<\/span><\/li>\n<li><span style=\"font-size: 12pt;\">Karar destek sistemleri<\/span><\/li>\n<li><span style=\"font-size: 12pt;\">Veri madencili\u011fi<\/span><\/li>\n<li><span style=\"font-size: 12pt;\">Telet\u0131p<\/span><\/li>\n<li><span style=\"font-size: 12pt;\">Gizlilik ve veri g\u00fcvenli\u011fi<\/span><\/li>\n<li><span style=\"font-size: 12pt;\">Giyilebilir teknolojiler ve uygulamalar\u0131<\/span><\/li>\n<li><span style=\"font-size: 12pt;\">Veritabanlar\u0131 ve veri ambarlar\u0131<\/span><\/li>\n<li><span style=\"font-size: 12pt;\">Bili\u015fsel bili\u015fim<\/span><\/li>\n<li><span style=\"font-size: 12pt;\">Affektif bili\u015fim<\/span><\/li>\n<li><span style=\"font-size: 12pt;\">Mobil teknolojiler ve uygulamalar\u00a0<\/span><\/li>\n<li><span style=\"font-size: 12pt;\">Sa\u011fl\u0131k hizmetlerinin de\u011ferlendirilmesi ve kullan\u0131m\u0131<\/span><\/li>\n<li><span style=\"font-size: 12pt;\">Sa\u011fl\u0131k uygulamalar\u0131 i\u00e7in mobil teknolojiler<\/span><\/li>\n<\/ul>\n<\/td>\n<td style=\"width: 50%;\">\n<ul>\n<li><span style=\"font-size: 12pt;\">Elektronik sa\u011fl\u0131k kay\u0131tlar\u0131 ve standartlar\u0131<\/span><\/li>\n<li><span style=\"font-size: 12pt;\">Sa\u011fl\u0131k i\u00e7in yaz\u0131l\u0131m sistemleri<\/span><\/li>\n<li><span style=\"font-size: 12pt;\">Yayg\u0131n sa\u011fl\u0131k sistemleri ve hizmetleri<\/span><\/li>\n<li><span style=\"font-size: 12pt;\">Veri g\u00f6rselle\u015ftirme<\/span><\/li>\n<li><span style=\"font-size: 12pt;\">Makine \u00f6\u011frenmesi\u00a0<\/span><\/li>\n<li><span style=\"font-size: 12pt;\">Sa\u011fl\u0131k bili\u015fimi i\u00e7in pratik tabanl\u0131 ara\u015ft\u0131rma y\u00f6ntemleri<\/span><\/li>\n<li><span style=\"font-size: 12pt;\">\u0130nsan-makine aray\u00fczleri<\/span><\/li>\n<li><span style=\"font-size: 12pt;\">Hem\u015firelik bili\u015fimi<\/span><\/li>\n<li><span style=\"font-size: 12pt;\">Evde sa\u011fl\u0131k uygulamalar\u0131\u00a0<\/span><\/li>\n<li><span style=\"font-size: 12pt;\">Sa\u011fl\u0131k bilimi metodolojilerinin tasar\u0131m\u0131 ve geli\u015ftirilmesi<\/span><\/li>\n<li><span style=\"font-size: 12pt;\">e-Sa\u011fl\u0131k uygulamalar\u0131<\/span><\/li>\n<li><span style=\"font-size: 12pt;\">Klinik olgularda sa\u011fl\u0131k bili\u015fiminin uygulanmas\u0131<\/span><\/li>\n<li><span style=\"font-size: 12pt;\">Birlikte \u00e7al\u0131\u015fabilirlik ve veri entegrasyonu<\/span><\/li>\n<li><span style=\"font-size: 12pt;\">Sa\u011fl\u0131k alan\u0131nda b\u00fcy\u00fck veri<\/span><\/li>\n<\/ul>\n<\/td>\n<\/tr>\n<\/tbody>\n<\/table>\n<h5><span style=\"font-size: 14pt;\"><strong>Bildiri G\u00f6nderimi<\/strong><\/span><\/h5>\n<p><span style=\"font-size: 12pt;\">G\u00f6nderilen t\u00fcm bildiriler, Springer taraf\u0131ndan LNCS serisinde belirlenen formata uygun olarak haz\u0131rlanmal\u0131d\u0131r. \u00a0Bildiri g\u00f6ndermek isteyenler i\u00e7in baz\u0131 yararl\u0131 ba\u011flant\u0131lar a\u015fa\u011f\u0131da sunulmu\u015ftur:<\/span><\/p>\n<ul class=\"cms-link-list\">\n<li><span style=\"font-size: 12pt;\"><a class=\"internal\" href=\"ftp:\/\/ftp.springernature.com\/cs-proceeding\/svproc\/guidelines\/Springer_Guidelines_for_Authors_of_Proceedings_CS.pdf\"><span class=\"\">Bildiri yazarlar\u0131 i\u00e7in klavuz (pdf \u2013 \u0130ngilizce)<\/span><\/a><\/span><\/li>\n<li><span style=\"font-size: 12pt;\"><a class=\"internal\" href=\"ftp:\/\/ftp.springernature.com\/cs-proceeding\/llncs\/llncs2e.zip\"><span class=\"\">LaTeX2e Bildiri \u015eablonu (zip)<\/span><\/a><\/span><\/li>\n<li><span style=\"font-size: 12pt;\"><a class=\"internal\" href=\"ftp:\/\/ftp.springernature.com\/cs-proceeding\/llncs\/word\/splnproc1703.zip\"><span class=\"\">Microsoft Word Bildiri \u015eablonu (zip)<\/span><\/a><\/span><\/li>\n<\/ul>\n<p><span style=\"font-size: 12pt;\">T\u00fcm ba\u015fvurular Program Komitesi \u00fcyeleri taraf\u0131ndan de\u011ferlendirilecek ve kabul edilen bildiriler elektronik olarak bas\u0131lacakt\u0131r. \u00a0Kongre resmi dilleri \u0130ngilizce ve T\u00fcrk\u00e7e\u2019dir. Ancak, T\u00fcrk\u00e7e olarak yaz\u0131lm\u0131\u015f bildirilerin \u0130ngilizce ba\u015fl\u0131k ve \u00f6zet verilmelidir.<\/span><br \/>\n<span style=\"font-size: 12pt;\">Bu alanda \u00e7al\u0131\u015fan t\u00fcm ara\u015ft\u0131rmac\u0131lar\u0131m\u0131z\u0131 a\u015fa\u011f\u0131daki t\u00fcrden birinde katk\u0131 sunmaya davet ediyoruz:<\/span><\/p>\n<ul>\n<li><span style=\"font-size: 12pt;\">Tam Makale (12 sayfaya kadar)<\/span><\/li>\n<li><span style=\"font-size: 12pt;\">Geni\u015fletilmi\u015f \u00f6zet (4 sayfaya kadar)<\/span><\/li>\n<\/ul>\n<h5><span style=\"font-size: 14pt;\"><strong>EasyChair Bildiri G\u00f6nderim Sistemi<\/strong><\/span><\/h5>\n<p><span style=\"font-size: 12pt;\">Bildiri g\u00f6nderimi i\u00e7in l\u00fctfen a\u015fa\u011f\u0131da ba\u011flant\u0131s\u0131 verilen <a href=\"https:\/\/easychair.org\/conferences\/?conf=turkmia2019\">EasyChair<\/a> sistemini kullanarak kay\u0131t olunuz. Sisteme giri\u015fin ard\u0131ndan, a\u00e7\u0131lan sayfada a\u00e7\u0131lan \u00fcst men\u00fcdeki \u201cNew Submission\u201d linkini kullanarak bildiri g\u00f6nderiminizi yap\u0131n\u0131z.<\/span><\/p>\n<p><span style=\"color: #000080;\"><a style=\"color: #000080;\" href=\"https:\/\/easychair.org\/conferences\/?conf=turkmia2019\">(https:\/\/easychair.org\/conferences\/?conf=turkmia2019)<\/a><\/span><\/p>\n<h5><span style=\"font-size: 14pt;\"><strong>\u00d6nemli tarihler<\/strong><\/span><\/h5>\n<table style=\"border-collapse: collapse; width: 100%; height: 162px;\">\n<tbody>\n<tr style=\"height: 27px;\">\n<td style=\"width: 31.914893617021274%; height: 27px;\"><span style=\"font-size: 12pt;\">Bildiri g\u00f6nderme son tarihi<\/span><\/td>\n<td style=\"width: 68.08510638297872%; height: 27px;\"><span style=\"font-size: 12pt; color: #999999;\"><span style=\"text-decoration: line-through;\">01 Eyl\u00fcl 2019\u00a0<\/span><span style=\"color: #993300;\">13 Ekim 2019<\/span><\/span><\/td>\n<\/tr>\n<tr style=\"height: 54px;\">\n<td style=\"width: 31.914893617021274%; height: 54px;\"><span style=\"font-size: 12pt;\">De\u011ferlendirme sonu\u00e7lar\u0131n\u0131n bildirilmesi<\/span><\/td>\n<td style=\"width: 68.08510638297872%; height: 54px;\"><span style=\"font-size: 12pt; color: #993300;\">21 Ekim 2019\u00a0<\/span><\/td>\n<\/tr>\n<tr style=\"height: 54px;\">\n<td style=\"width: 31.914893617021274%; height: 54px;\"><span style=\"font-size: 12pt;\">Bas\u0131ma haz\u0131r bildirilerin <\/span><br \/>\n<span style=\"font-size: 12pt;\">son g\u00f6nderilme tarih<\/span><\/td>\n<td style=\"width: 68.08510638297872%; height: 54px;\"><span style=\"font-size: 12pt; color: #993300;\">01 Kas\u0131m 2019\u00a0<\/span><\/td>\n<\/tr>\n<tr style=\"height: 27px;\">\n<td style=\"width: 31.914893617021274%; height: 27px;\"><span style=\"font-size: 12pt;\">Kongre g\u00fcnleri\u00a0<\/span><\/td>\n<td style=\"width: 68.08510638297872%; height: 27px;\"><span style=\"font-size: 12pt; color: #993300;\">15-16 Kas\u0131m 2019<\/span><\/td>\n<\/tr>\n<\/tbody>\n<\/table>\n<h4><span style=\"font-size: 12pt;\"><strong>Bildirilerle ilgili ileti\u015fim i\u00e7in<\/strong><\/span><\/h4>\n<p><span style=\"font-size: 12pt;\">?\u00a0<a href=\"mailto:kongre2019@turkmia.net\">kongre2019@turkmia.net<\/a><\/span><\/p>\n","protected":false},"excerpt":{"rendered":"<p>EasyChair Bildiri G\u00f6nderim Sistemi Bildiri g\u00f6nderimi i\u00e7in l\u00fctfen a\u015fa\u011f\u0131da ba\u011flant\u0131s\u0131 verilen EasyChair sistemini kullanarak kay\u0131t olunuz. Sisteme giri\u015fin ard\u0131ndan, a\u00e7\u0131lan sayfada a\u00e7\u0131lan [&hellip;]<\/p>\n","protected":false},"author":1,"featured_media":0,"parent":0,"menu_order":0,"comment_status":"closed","ping_status":"closed","template":"elementor_header_footer","meta":{"footnotes":""},"class_list":["post-44","page","type-page","status-publish","hentry"],"_links":{"self":[{"href":"https:\/\/turkmia.net\/kongre2019\/wp-json\/wp\/v2\/pages\/44","targetHints":{"allow":["GET"]}}],"collection":[{"href":"https:\/\/turkmia.net\/kongre2019\/wp-json\/wp\/v2\/pages"}],"about":[{"href":"https:\/\/turkmia.net\/kongre2019\/wp-json\/wp\/v2\/types\/page"}],"author":[{"embeddable":true,"href":"https:\/\/turkmia.net\/kongre2019\/wp-json\/wp\/v2\/users\/1"}],"replies":[{"embeddable":true,"href":"https:\/\/turkmia.net\/kongre2019\/wp-json\/wp\/v2\/comments?post=44"}],"version-history":[{"count":37,"href":"https:\/\/turkmia.net\/kongre2019\/wp-json\/wp\/v2\/pages\/44\/revisions"}],"predecessor-version":[{"id":577,"href":"https:\/\/turkmia.net\/kongre2019\/wp-json\/wp\/v2\/pages\/44\/revisions\/577"}],"wp:attachment":[{"href":"https:\/\/turkmia.net\/kongre2019\/wp-json\/wp\/v2\/media?parent=44"}],"curies":[{"name":"wp","href":"https:\/\/api.w.org\/{rel}","templated":true}]}}